{"id":94,"date":"2025-05-23T18:20:04","date_gmt":"2025-05-23T18:20:04","guid":{"rendered":"https:\/\/fatecbarueri.edu.br\/home\/?page_id=94"},"modified":"2025-05-31T20:07:04","modified_gmt":"2025-05-31T20:07:04","slug":"historia","status":"publish","type":"page","link":"https:\/\/fatecbarueri.edu.br\/home\/historia\/","title":{"rendered":"Hist\u00f3ria"},"content":{"rendered":"\n<p>A Faculdade de Tecnologia de Barueri (Fatec Barueri) foi <strong>criada em 19 de junho de 2009 <\/strong>pelo Decreto do Governador do Estado de S\u00e3o Paulo n\u00ba 54.465, de modo que oferece cursos superiores gratuitos h\u00e1 mais de 13 anos.<\/p>\n\n\n\n<p>Fruto de <strong>conv\u00eanio firmado entre o Centro Estadual de Educa\u00e7\u00e3o Tecnol\u00f3gica Paula Souza \u2013 CEETEPS e o Munic\u00edpio de Barueri<\/strong>, objetivou-se, com \u00eaxito, a expans\u00e3o da educa\u00e7\u00e3o profissional gratuita de n\u00edvel superior tecnol\u00f3gico.<\/p>\n\n\n\n<p>A Faculdade de Tecnologia de Barueri tem exercido relevante papel na forma\u00e7\u00e3o cidad\u00e3 e na forma\u00e7\u00e3o superior tecnol\u00f3gica no estado de S\u00e3o Paulo, ofertando <strong>gradua\u00e7\u00f5es reconhecidos pela excel\u00eancia do ensino e alta empregabilidade<\/strong>.<\/p>\n\n\n\n<p>Por meio da Lei n. 14.930, de 09 de janeiro de 2013, <strong>a Faculdade de Tecnologia de Barueri passou a denominar-se \u201cPadre Danilo Jos\u00e9 de Oliveira Ohl\u201d<\/strong>.<\/p>\n\n\n\n<p>No dia 17 de junho de 2019, em sess\u00e3o solene na C\u00e2mara Municipal de Barueri, <strong>a Fatec Barueri foi homenageada e recebeu a <\/strong>Mo\u00e7\u00e3o de Aplausos n\u00ba 09\/2019<strong>pelos 10 anos de servi\u00e7os prestados \u00e0 comunidade, oferecendo cursos superiores gratuitos e de qualidade<\/strong>. &nbsp;<\/p>\n\n\n\n<p>Assista a sess\u00e3o solene:<\/p>\n\n\n\n<figure class=\"wp-block-embed is-type-video is-provider-youtube wp-block-embed-youtube wp-embed-aspect-16-9 wp-has-aspect-ratio\"><div class=\"wp-block-embed__wrapper\">\n<iframe loading=\"lazy\" title=\"MO\u00c7\u00c3O DE APLAUSOS - FATEC BARUERI 10 ANOS - 17 06 2019\" width=\"500\" height=\"281\" src=\"https:\/\/www.youtube.com\/embed\/Jk5Mx8bhpe4?start=3&#038;feature=oembed\" frameborder=\"0\" allow=\"accelerometer; autoplay; clipboard-write; encrypted-media; gyroscope; picture-in-picture; web-share\" referrerpolicy=\"strict-origin-when-cross-origin\" allowfullscreen><\/iframe>\n<\/div><figcaption class=\"wp-element-caption\">Mo\u00e7\u00e3o de aplausos &#8211; 10 anos da Fatec Barueri<\/figcaption><\/figure>\n\n\n\n<p><\/p>\n<p><\/p>","protected":false},"excerpt":{"rendered":"<p>A Faculdade de Tecnologia de Barueri (Fatec Barueri) foi criada em 19 de junho de 2009 pelo Decreto do Governador do Estado de S\u00e3o Paulo n\u00ba 54.465, de modo que oferece cursos superiores gratuitos h\u00e1 mais de 13 anos. Fruto de conv\u00eanio firmado entre o Centro Estadual de Educa\u00e7\u00e3o Tecnol\u00f3gica Paula Souza \u2013 CEETEPS e o Munic\u00edpio de Barueri, objetivou-se, com \u00eaxito, a expans\u00e3o da educa\u00e7\u00e3o profissional gratuita de n\u00edvel superior tecnol\u00f3gico. A Faculdade de Tecnologia de Barueri tem exercido relevante papel na forma\u00e7\u00e3o cidad\u00e3 e na forma\u00e7\u00e3o superior tecnol\u00f3gica no estado de S\u00e3o Paulo, ofertando gradua\u00e7\u00f5es reconhecidos pela excel\u00eancia&#8230; <\/p>\n","protected":false},"author":2,"featured_media":0,"parent":0,"menu_order":0,"comment_status":"closed","ping_status":"closed","template":"template-no-sidebar.php","meta":{"footnotes":""},"class_list":["post-94","page","type-page","status-publish","hentry"],"_links":{"self":[{"href":"https:\/\/fatecbarueri.edu.br\/home\/wp-json\/wp\/v2\/pages\/94"}],"collection":[{"href":"https:\/\/fatecbarueri.edu.br\/home\/wp-json\/wp\/v2\/pages"}],"about":[{"href":"https:\/\/fatecbarueri.edu.br\/home\/wp-json\/wp\/v2\/types\/page"}],"author":[{"embeddable":true,"href":"https:\/\/fatecbarueri.edu.br\/home\/wp-json\/wp\/v2\/users\/2"}],"replies":[{"embeddable":true,"href":"https:\/\/fatecbarueri.edu.br\/home\/wp-json\/wp\/v2\/comments?post=94"}],"version-history":[{"count":3,"href":"https:\/\/fatecbarueri.edu.br\/home\/wp-json\/wp\/v2\/pages\/94\/revisions"}],"predecessor-version":[{"id":361,"href":"https:\/\/fatecbarueri.edu.br\/home\/wp-json\/wp\/v2\/pages\/94\/revisions\/361"}],"wp:attachment":[{"href":"https:\/\/fatecbarueri.edu.br\/home\/wp-json\/wp\/v2\/media?parent=94"}],"curies":[{"name":"wp","href":"https:\/\/api.w.org\/{rel}","templated":true}]}}