{"id":82,"date":"2025-05-23T18:12:13","date_gmt":"2025-05-23T18:12:13","guid":{"rendered":"https:\/\/fatecbarueri.edu.br\/home\/?page_id=82"},"modified":"2025-09-20T00:40:33","modified_gmt":"2025-09-20T00:40:33","slug":"estagios-anexos","status":"publish","type":"page","link":"https:\/\/fatecbarueri.edu.br\/home\/estagios-anexos\/","title":{"rendered":"Est\u00e1gios &#8211; Anexos"},"content":{"rendered":"\n<h3 class=\"wp-block-heading\">ANEXOS<\/h3>\n\n\n\n<figure class=\"wp-block-table is-style-stripes\"><table class=\"has-fixed-layout\"><tbody><tr><td><a href=\"https:\/\/fatecbarueri.edu.br\/home\/wp-content\/uploads\/2025\/07\/Lei_do_Estagio.pdf\" data-type=\"link\" data-id=\"https:\/\/fatecbarueri.edu.br\/home\/wp-content\/uploads\/2025\/07\/Lei_do_Estagio.pdf\" target=\"_blank\" rel=\"noreferrer noopener\"><strong>Lei do Est\u00e1gio<\/strong><\/a><\/td><\/tr><tr><td><\/td><\/tr><tr><td><strong>Documentos necess\u00e1rios para encaminhamento de est\u00e1gio na Fatec<\/strong><\/td><\/tr><tr><td><a href=\"https:\/\/fatecbarueri.edu.br\/home\/wp-content\/uploads\/2025\/09\/Anexo-1-Termo-de-Compromisso-de-Estagio-Nao-Obrigatorio-Remunerado.docx\" data-type=\"link\" data-id=\"https:\/\/fatecbarueri.edu.br\/home\/wp-content\/uploads\/2025\/06\/Anexo-1-Termo-de-Compromisso-de-Estagio-nao-Obrigatorio-Remunerado.docx\" target=\"_blank\" rel=\"noreferrer noopener\">Anexo 1 &#8211; Termo de Compromisso de Est\u00e1gio n\u00e3o Obrigat\u00f3rio (Remunerado)<\/a><\/td><\/tr><tr><td><a href=\"https:\/\/fatecbarueri.edu.br\/home\/wp-content\/uploads\/2025\/09\/Anexo-2-Termo-de-Compromisso-de-Estagio-Obrigatorio-Remunerado.docx\" data-type=\"link\" data-id=\"https:\/\/fatecbarueri.edu.br\/home\/wp-content\/uploads\/2025\/06\/Anexo-2-Termo-de-Compromisso-de-Estagio-Obrigatorio-Remunerado.docx\" target=\"_blank\" rel=\"noreferrer noopener\">Anexo 2 &#8211; Termo de Compromisso de Est\u00e1gio Obrigat\u00f3rio Remunerado<\/a><\/td><\/tr><tr><td><a href=\"https:\/\/fatecbarueri.edu.br\/home\/wp-content\/uploads\/2025\/09\/Anexo-3-Termo-de-Compromisso-de-Estagio-Obrigatorio-nao-Remunerado.docx\" data-type=\"link\" data-id=\"https:\/\/fatecbarueri.edu.br\/home\/wp-content\/uploads\/2025\/06\/Anexo-3-Termo-de-Compromisso-de-Estagio-Obrigatorio-nao-Remunerado.docx\" target=\"_blank\" rel=\"noreferrer noopener\">Anexo 3 &#8211; Termo de Compromisso de Est\u00e1gio Obrigat\u00f3rio n\u00e3o Remunerado<\/a><\/td><\/tr><tr><td><a href=\"https:\/\/fatecbarueri.edu.br\/home\/wp-content\/uploads\/2025\/06\/Anexo-4-Plano-de-Atividades-de-Estagio-PAE.docx\" data-type=\"link\" data-id=\"https:\/\/fatecbarueri.edu.br\/home\/wp-content\/uploads\/2025\/06\/Anexo-4-Plano-de-Atividades-de-Estagio-PAE.docx\" target=\"_blank\" rel=\"noreferrer noopener\">Anexo 4 &#8211; Plano de Atividades de Est\u00e1gio (PAE)<\/a><\/td><\/tr><tr><td>&nbsp;<\/td><\/tr><tr><td><strong>Relat\u00f3rios para acompanhamento<\/strong><\/td><\/tr><tr><td><a href=\"https:\/\/fatecbarueri.edu.br\/home\/wp-content\/uploads\/2025\/06\/Anexo-5-Ficha-de-Inicio-de-Estagio.docx\" data-type=\"link\" data-id=\"https:\/\/fatecbarueri.edu.br\/home\/wp-content\/uploads\/2025\/06\/Anexo-5-Ficha-de-Inicio-de-Estagio.docx\" target=\"_blank\" rel=\"noreferrer noopener\">Anexo 5 &#8211; Ficha de In\u00edcio de Est\u00e1gio<\/a><\/td><\/tr><tr><td><a href=\"https:\/\/fatecbarueri.edu.br\/home\/wp-content\/uploads\/2025\/06\/Anexo-6-Relatorio-de-Atividades-Parcial.docx\" data-type=\"link\" data-id=\"https:\/\/fatecbarueri.edu.br\/home\/wp-content\/uploads\/2025\/06\/Anexo-6-Relatorio-de-Atividades-Parcial.docx\" target=\"_blank\" rel=\"noreferrer noopener\">Anexo 6 &#8211; Relat\u00f3rio de Atividades Parcial<\/a><\/td><\/tr><tr><td><a href=\"https:\/\/fatecbarueri.edu.br\/home\/wp-content\/uploads\/2025\/06\/Anexo-7-Relatorio-Final-modelo-simplificado.docx\" data-type=\"link\" data-id=\"https:\/\/fatecbarueri.edu.br\/home\/wp-content\/uploads\/2025\/06\/Anexo-7-Relatorio-Final-modelo-simplificado.docx\" target=\"_blank\" rel=\"noreferrer noopener\">Anexo 7 &#8211; Relat\u00f3rio Final Modelo simplificado<\/a><\/td><\/tr><tr><td><a href=\"https:\/\/fatecbarueri.edu.br\/home\/wp-content\/uploads\/2025\/06\/Anexo-8-Relatorio-Final-modelo-completo.docx\" data-type=\"link\" data-id=\"https:\/\/fatecbarueri.edu.br\/home\/wp-content\/uploads\/2025\/06\/Anexo-8-Relatorio-Final-modelo-completo.docx\" target=\"_blank\" rel=\"noreferrer noopener\">Anexo 8 &#8211; Relat\u00f3rio Final (modelo completo)<\/a><\/td><\/tr><tr><td>&nbsp;<\/td><\/tr><tr><td><strong>Avalia\u00e7\u00e3o de desempenho a ser preenchida pelo Supervisor de Est\u00e1gios da empresa<\/strong><\/td><\/tr><tr><td><a href=\"https:\/\/fatecbarueri.edu.br\/home\/wp-content\/uploads\/2025\/06\/Anexo-9-Avaliacao-de-Desempenho-do-Estagiario.docx\" data-type=\"link\" data-id=\"https:\/\/fatecbarueri.edu.br\/home\/wp-content\/uploads\/2025\/06\/Anexo-9-Avaliacao-de-Desempenho-do-Estagiario.docx\" target=\"_blank\" rel=\"noreferrer noopener\">Anexo 9 &#8211; Avalia\u00e7\u00e3o de Desempenho do Estagi\u00e1rio<\/a><\/td><\/tr><tr><td>&nbsp;<\/td><\/tr><tr><td><strong>Equival\u00eancia de est\u00e1gio<\/strong><\/td><\/tr><tr><td><a href=\"https:\/\/fatecbarueri.edu.br\/home\/wp-content\/uploads\/2025\/06\/Anexo-10-Processo-de-Equivalencia-a-Estagio-Supervisionado.docx\" data-type=\"link\" data-id=\"https:\/\/fatecbarueri.edu.br\/home\/wp-content\/uploads\/2025\/06\/Anexo-10-Processo-de-Equivalencia-a-Estagio-Supervisionado.docx\" target=\"_blank\" rel=\"noreferrer noopener\">Anexo 10 &#8211; Processo de Equival\u00eancia a Est\u00e1gio Supervisionado<\/a><\/td><\/tr><\/tbody><\/table><\/figure>\n\n\n\n<p><\/p>\n<p><\/p>","protected":false},"excerpt":{"rendered":"<p>ANEXOS Lei do Est\u00e1gio Documentos necess\u00e1rios para encaminhamento de est\u00e1gio na Fatec Anexo 1 &#8211; Termo de Compromisso de Est\u00e1gio n\u00e3o Obrigat\u00f3rio (Remunerado) Anexo 2 &#8211; Termo de Compromisso de Est\u00e1gio Obrigat\u00f3rio Remunerado Anexo 3 &#8211; Termo de Compromisso de Est\u00e1gio Obrigat\u00f3rio n\u00e3o Remunerado Anexo 4 &#8211; Plano de Atividades de Est\u00e1gio (PAE) &nbsp; Relat\u00f3rios para acompanhamento Anexo 5 &#8211; Ficha de In\u00edcio de Est\u00e1gio Anexo 6 &#8211; Relat\u00f3rio de Atividades Parcial Anexo 7 &#8211; Relat\u00f3rio Final Modelo simplificado Anexo 8 &#8211; Relat\u00f3rio Final (modelo completo) &nbsp; Avalia\u00e7\u00e3o de desempenho a ser preenchida pelo Supervisor de Est\u00e1gios da empresa Anexo&#8230; <\/p>\n","protected":false},"author":2,"featured_media":0,"parent":0,"menu_order":0,"comment_status":"closed","ping_status":"closed","template":"template-no-sidebar.php","meta":{"footnotes":""},"class_list":["post-82","page","type-page","status-publish","hentry"],"_links":{"self":[{"href":"https:\/\/fatecbarueri.edu.br\/home\/wp-json\/wp\/v2\/pages\/82"}],"collection":[{"href":"https:\/\/fatecbarueri.edu.br\/home\/wp-json\/wp\/v2\/pages"}],"about":[{"href":"https:\/\/fatecbarueri.edu.br\/home\/wp-json\/wp\/v2\/types\/page"}],"author":[{"embeddable":true,"href":"https:\/\/fatecbarueri.edu.br\/home\/wp-json\/wp\/v2\/users\/2"}],"replies":[{"embeddable":true,"href":"https:\/\/fatecbarueri.edu.br\/home\/wp-json\/wp\/v2\/comments?post=82"}],"version-history":[{"count":9,"href":"https:\/\/fatecbarueri.edu.br\/home\/wp-json\/wp\/v2\/pages\/82\/revisions"}],"predecessor-version":[{"id":1164,"href":"https:\/\/fatecbarueri.edu.br\/home\/wp-json\/wp\/v2\/pages\/82\/revisions\/1164"}],"wp:attachment":[{"href":"https:\/\/fatecbarueri.edu.br\/home\/wp-json\/wp\/v2\/media?parent=82"}],"curies":[{"name":"wp","href":"https:\/\/api.w.org\/{rel}","templated":true}]}}