{"id":80,"date":"2025-05-23T18:11:19","date_gmt":"2025-05-23T18:11:19","guid":{"rendered":"https:\/\/fatecbarueri.edu.br\/home\/?page_id=80"},"modified":"2026-05-05T11:45:04","modified_gmt":"2026-05-05T11:45:04","slug":"estagios","status":"publish","type":"page","link":"https:\/\/fatecbarueri.edu.br\/home\/estagios\/","title":{"rendered":"Est\u00e1gios"},"content":{"rendered":"\n<p>Todas as informa\u00e7\u00f5es necess\u00e1rias ao seu est\u00e1gio.<\/p>\n\n\n\n<p><strong>Est\u00e1gios:<\/strong><\/p>\n\n\n\n<ul class=\"wp-block-list\">\n<li><a href=\"https:\/\/fatecbarueri.edu.br\/home\/wp-content\/uploads\/2025\/06\/Estagio-Portaria-da-Direcao-no-53-2025-Regulamenta-as-atividades-de-estagio.pdf\" data-type=\"link\" data-id=\"https:\/\/fatecbarueri.edu.br\/home\/wp-content\/uploads\/2025\/06\/Estagio-Portaria-da-Direcao-no-53-2025-Regulamenta-as-atividades-de-estagio.pdf\">Estagio Portaria da Dire\u00e7\u00e3o n\u00ba 53-2025 &#8211; Regulamenta as atividades de est\u00e1gio<\/a> (download)<\/li>\n\n\n\n<li><a href=\"https:\/\/fatecbarueri.edu.br\/home\/estagios-anexos\/\">Anexos da Portaria:<\/a><\/li>\n\n\n\n<li><a href=\"https:\/\/fatecbarueri.edu.br\/home\/wp-content\/uploads\/2025\/09\/Passo-a-Passo-Estagio.docx\" data-type=\"link\" data-id=\"https:\/\/fatecbarueri.edu.br\/home\/wp-content\/uploads\/2025\/06\/Estagio-Passo-a-passo.pdf\">Passo a Passo &#8211; Est\u00e1gio<\/a> (download)<\/li>\n\n\n\n<li><a href=\"https:\/\/fatecbarueri.edu.br\/home\/wp-content\/uploads\/2025\/09\/Processo-de-Equivalencia-a-Estagio-Supervisionado.docx\" data-type=\"link\" data-id=\"https:\/\/fatecbarueri.edu.br\/home\/wp-content\/uploads\/2025\/09\/Processo-de-Equivalencia-a-Estagio-Supervisionado.docx\">Processo de Equival\u00eancia de Est\u00e1gio Supervisionado<\/a> (download)<\/li>\n<\/ul>\n\n\n\n<p><strong>Para consulta:&nbsp;Guia sobre est\u00e1gios nas Fatecs <\/strong>(em revis\u00e3o)<\/p>\n\n\n\n<p><strong>Contato:<\/strong><\/p>\n\n\n\n<figure class=\"wp-block-table is-style-stripes\"><table class=\"has-fixed-layout\"><tbody><tr><td><strong>Curso<\/strong><\/td><td><strong>Orientador<\/strong><\/td><td><strong>E-mail de contato<\/strong><\/td><\/tr><tr><td>Com\u00e9rcio Exterior (Vespertino)<\/td><td>Prof. Esp. Andre Sungmin Lee<\/td><td><a href=\"mailto:f209.estagioscomextarde@fatec.sp.gov.br\" target=\"_blank\" rel=\"noopener\" title=\"\">f209.estagioscomextarde@fatec.sp.gov.br<\/a><\/td><\/tr><tr><td>Com\u00e9rcio Exterior (Noturno)<\/td><td>Profa. Me. Josefa Flor\u00eancio do Nascimento<\/td><td><a href=\"mailto:f209.estagioscomexnoite@fatec.sp.gov.br\" target=\"_blank\" rel=\"noopener\" title=\"\">f209.estagioscomexnoite@fatec.sp.gov.br<\/a><\/td><\/tr><tr><td>Design de M\u00eddias Digitais<\/td><td>Prof. Me. Gilmar Ara\u00fajo Pinheiro<\/td><td><a href=\"mailto:f209.estagiosdmd@fatec.sp.gov.br\" target=\"_blank\" rel=\"noopener\" title=\"\">f209.estagiosdmd@fatec.sp.gov.br<\/a><\/td><\/tr><tr><td>Gest\u00e3o de Eventos<\/td><td>Profa. Dra. Solange Maria Sanches Gervai<\/td><td><a href=\"mailto:f209.estagioseventos@fatec.sp.gov.br\" target=\"_blank\" rel=\"noopener\" title=\"\">f209.estagioseventos@fatec.sp.gov.br<\/a><\/td><\/tr><tr><td>Gest\u00e3o de Recursos Humanos<\/td><td>Prof. Esp. Thiago Moreira de Oliveira<\/td><td><a href=\"mailto:f209.estagiosgrh@fatec.sp.gov.br\" target=\"_blank\" rel=\"noopener\" title=\"\">f209.estagiosgrh@fatec.sp.gov.br<\/a><\/td><\/tr><tr><td>Gest\u00e3o da Tecnologia da Informa\u00e7\u00e3o<\/td><td>Prof. Esp. Thiago Moreira de Oliveira<\/td><td><a href=\"mailto:f209.estagiosgti@fatec.sp.gov.br\" target=\"_blank\" rel=\"noopener\" title=\"\">f209.estagiosgti@fatec.sp.gov.br<\/a><\/td><\/tr><tr><td>Gest\u00e3o Empresarial<\/td><td>Prof. Dr. Irapuan Gloria Junior<\/td><td><a href=\"mailto:f209.estagiosge@fatec.sp.gov.br\" target=\"_blank\" rel=\"noopener\" title=\"\">f209.estagiosge@fatec.sp.gov.br<\/a><\/td><\/tr><tr><td>Transporte Terrestre<\/td><td>Profa. Me. Josefa Flor\u00eancio do Nascimento<\/td><td><a href=\"mailto:f209.estagiostt@fatec.sp.gov.br\" target=\"_blank\" rel=\"noreferrer noopener\">f209.estagiostt@fatec.sp.gov.br<\/a><\/td><\/tr><tr><td>Gest\u00e3o de Neg\u00f3cios e Pessoas<\/td><td>Profa. Dra. Solange Maria Sanches Gervai<\/td><td><a href=\"mailto:f209.estagiosgnp@fatec.sp.gov.br\" target=\"_blank\" rel=\"noopener\" title=\"\">f209.estagiosgnp@fatec.sp.gov.br<\/a><\/td><\/tr><tr><td>Gest\u00e3o de Com\u00e9rcio Eletr\u00f4nico<\/td><td>Profa. Dra. Margibel Adriana de Oliveira<\/td><td><a href=\"mailto:f209.estagiosgce@fatec.sp.gov.br\" target=\"_blank\" rel=\"noopener\" title=\"\">f209.estagiosgce@fatec.sp.gov.br<\/a><\/td><\/tr><\/tbody><\/table><\/figure>\n\n\n\n<p><\/p>\n\n\n\n<p><\/p>\n\n\n\n<p><strong><a href=\"https:\/\/agpc.cps.sp.gov.br\/agentes-de-integracao\/\" target=\"_blank\" rel=\"noopener\" title=\"\">Agentes de Integra\u00e7\u00e3o<\/a><\/strong><\/p>\n\n\n\n<p><strong><a href=\"https:\/\/fatecbarueri.edu.br\/home\/wp-content\/uploads\/2026\/05\/horario_de_atendimento_de_estagio_2026_1_05_05_2026.pdf\" target=\"_blank\" rel=\"noreferrer noopener\">Hor\u00e1rio de atendimento de est\u00e1gio<\/a><\/strong><\/p>\n\n\n\n<p><\/p>\n<p><\/p>","protected":false},"excerpt":{"rendered":"<p>Todas as informa\u00e7\u00f5es necess\u00e1rias ao seu est\u00e1gio. Est\u00e1gios: Para consulta:&nbsp;Guia sobre est\u00e1gios nas Fatecs (em revis\u00e3o) Contato: Curso Orientador E-mail de contato Com\u00e9rcio Exterior (Vespertino) Prof. Esp. Andre Sungmin Lee f209.estagioscomextarde@fatec.sp.gov.br Com\u00e9rcio Exterior (Noturno) Profa. Me. Josefa Flor\u00eancio do Nascimento f209.estagioscomexnoite@fatec.sp.gov.br Design de M\u00eddias Digitais Prof. Me. Gilmar Ara\u00fajo Pinheiro f209.estagiosdmd@fatec.sp.gov.br Gest\u00e3o de Eventos Profa. Dra. Solange Maria Sanches Gervai f209.estagioseventos@fatec.sp.gov.br Gest\u00e3o de Recursos Humanos Prof. Esp. Thiago Moreira de Oliveira f209.estagiosgrh@fatec.sp.gov.br Gest\u00e3o da Tecnologia da Informa\u00e7\u00e3o Prof. Esp. Thiago Moreira de Oliveira f209.estagiosgti@fatec.sp.gov.br Gest\u00e3o Empresarial Prof. Dr. Irapuan Gloria Junior f209.estagiosge@fatec.sp.gov.br Transporte Terrestre Profa. Me. Josefa Flor\u00eancio do Nascimento&#8230; <\/p>\n","protected":false},"author":2,"featured_media":0,"parent":0,"menu_order":0,"comment_status":"closed","ping_status":"closed","template":"template-no-sidebar.php","meta":{"footnotes":""},"class_list":["post-80","page","type-page","status-publish","hentry"],"_links":{"self":[{"href":"https:\/\/fatecbarueri.edu.br\/home\/wp-json\/wp\/v2\/pages\/80"}],"collection":[{"href":"https:\/\/fatecbarueri.edu.br\/home\/wp-json\/wp\/v2\/pages"}],"about":[{"href":"https:\/\/fatecbarueri.edu.br\/home\/wp-json\/wp\/v2\/types\/page"}],"author":[{"embeddable":true,"href":"https:\/\/fatecbarueri.edu.br\/home\/wp-json\/wp\/v2\/users\/2"}],"replies":[{"embeddable":true,"href":"https:\/\/fatecbarueri.edu.br\/home\/wp-json\/wp\/v2\/comments?post=80"}],"version-history":[{"count":24,"href":"https:\/\/fatecbarueri.edu.br\/home\/wp-json\/wp\/v2\/pages\/80\/revisions"}],"predecessor-version":[{"id":1499,"href":"https:\/\/fatecbarueri.edu.br\/home\/wp-json\/wp\/v2\/pages\/80\/revisions\/1499"}],"wp:attachment":[{"href":"https:\/\/fatecbarueri.edu.br\/home\/wp-json\/wp\/v2\/media?parent=80"}],"curies":[{"name":"wp","href":"https:\/\/api.w.org\/{rel}","templated":true}]}}