{"id":517,"date":"2025-05-31T23:43:33","date_gmt":"2025-05-31T23:43:33","guid":{"rendered":"https:\/\/fatecbarueri.edu.br\/home\/?page_id=517"},"modified":"2025-05-31T23:44:21","modified_gmt":"2025-05-31T23:44:21","slug":"suporte-ao-ti","status":"publish","type":"page","link":"https:\/\/fatecbarueri.edu.br\/home\/suporte-ao-ti\/","title":{"rendered":"Suporte ao TI"},"content":{"rendered":"\n<p>Para uso da ferramenta <em>Teams <\/em>disponibilizamos os materiais:<\/p>\n\n\n\n<p>\u201cTutorial\u201d para acesso e uso da ferramenta Microsoft Teams<\/p>\n\n\n\n<p>P\u00fablico alvo: alunos<\/p>\n\n\n\n<p>\u201cTutorial\u201d para Configura\u00e7\u00e3o do Fuso Hor\u00e1rio<\/p>\n\n\n\n<p>P\u00fablico alvo: professores e alunos<\/p>\n\n\n\n<p>\u201cGuia do Aluno de Fatec\u201d para as aulas online\u201d<\/p>\n\n\n\n<p>P\u00fablico alvo: alunos<\/p>\n\n\n\n<p>\u201cCanal\u201d com materiais de apoio e acesso ao suporte para solucionar d\u00favidas que possam surgir sobre o uso da ferramenta Microsoft Teams<\/p>\n\n\n\n<p>P\u00fablico alvo: professores e alunos Caso tenha alguma d\u00favida ou dificuldade com o e-mail @fatec ou outra necessidade, abrir ticket na <strong><a href=\"http:\/\/secretaria.fatecbarueri.com.br\/\" target=\"_blank\" rel=\"noopener\" title=\"Secretaria Acad\u00eamica Virtual \u2013 SAV\">Secretaria Acad\u00eamica Virtual \u2013 SAV<\/a><\/strong><\/p>\n<p><\/p>","protected":false},"excerpt":{"rendered":"<p>Para uso da ferramenta Teams disponibilizamos os materiais: \u201cTutorial\u201d para acesso e uso da ferramenta Microsoft Teams P\u00fablico alvo: alunos \u201cTutorial\u201d para Configura\u00e7\u00e3o do Fuso Hor\u00e1rio P\u00fablico alvo: professores e alunos \u201cGuia do Aluno de Fatec\u201d para as aulas online\u201d P\u00fablico alvo: alunos \u201cCanal\u201d com materiais de apoio e acesso ao suporte para solucionar d\u00favidas que possam surgir sobre o uso da ferramenta Microsoft Teams P\u00fablico alvo: professores e alunos Caso tenha alguma d\u00favida ou dificuldade com o e-mail @fatec ou outra necessidade, abrir ticket na Secretaria Acad\u00eamica Virtual \u2013 SAV<\/p>\n","protected":false},"author":2,"featured_media":0,"parent":0,"menu_order":0,"comment_status":"closed","ping_status":"closed","template":"template-no-sidebar.php","meta":{"footnotes":""},"class_list":["post-517","page","type-page","status-publish","hentry"],"_links":{"self":[{"href":"https:\/\/fatecbarueri.edu.br\/home\/wp-json\/wp\/v2\/pages\/517"}],"collection":[{"href":"https:\/\/fatecbarueri.edu.br\/home\/wp-json\/wp\/v2\/pages"}],"about":[{"href":"https:\/\/fatecbarueri.edu.br\/home\/wp-json\/wp\/v2\/types\/page"}],"author":[{"embeddable":true,"href":"https:\/\/fatecbarueri.edu.br\/home\/wp-json\/wp\/v2\/users\/2"}],"replies":[{"embeddable":true,"href":"https:\/\/fatecbarueri.edu.br\/home\/wp-json\/wp\/v2\/comments?post=517"}],"version-history":[{"count":2,"href":"https:\/\/fatecbarueri.edu.br\/home\/wp-json\/wp\/v2\/pages\/517\/revisions"}],"predecessor-version":[{"id":519,"href":"https:\/\/fatecbarueri.edu.br\/home\/wp-json\/wp\/v2\/pages\/517\/revisions\/519"}],"wp:attachment":[{"href":"https:\/\/fatecbarueri.edu.br\/home\/wp-json\/wp\/v2\/media?parent=517"}],"curies":[{"name":"wp","href":"https:\/\/api.w.org\/{rel}","templated":true}]}}