{"id":492,"date":"2025-05-31T23:18:43","date_gmt":"2025-05-31T23:18:43","guid":{"rendered":"https:\/\/fatecbarueri.edu.br\/home\/?page_id=492"},"modified":"2025-07-15T14:10:29","modified_gmt":"2025-07-15T14:10:29","slug":"monitoria","status":"publish","type":"page","link":"https:\/\/fatecbarueri.edu.br\/home\/monitoria\/","title":{"rendered":"Monitoria"},"content":{"rendered":"\n<p>O&nbsp;<strong>Programa de Monitoria tem por objetivo o aprimoramento do ensino de gradua\u00e7\u00e3o.<\/strong><\/p>\n\n\n\n<p>O Centro Estadual de Educa\u00e7\u00e3o Tecnol\u00f3gica Paula Souza remunerar\u00e1 as atividades de Monitoria com base na rela\u00e7\u00e3o de um Monitor para cada 100 (cem) alunos matriculados, visando estimular o interesse pelo Programa.<\/p>\n\n\n\n<p>O valor remunerat\u00f3rio para cada hora de Monitoria prevista corresponder\u00e1 a 25% do valor da hora-aula paga a Professor de Ensino Superior I-A.<br>&nbsp;<\/p>\n\n\n\n<p>A participa\u00e7\u00e3o no Programa de Monitoria n\u00e3o cria v\u00ednculo empregat\u00edcio com o CEETEPS, nem obriga\u00e7\u00e3o de natureza trabalhista, previdenci\u00e1ria ou afim.<\/p>\n\n\n\n<p>No final do per\u00edodo, o Monitor receber\u00e1 certificado oficial de sua participa\u00e7\u00e3o no Programa.<\/p>\n\n\n\n<p><strong>Para saber mais sobre Programa de Monitoria<\/strong>&nbsp;acesse: (\u2026)<\/p>\n\n\n\n<p><a href=\"https:\/\/fatecbarueri.edu.br\/home\/wp-content\/uploads\/2025\/07\/Doc.-IX-Deliberacao-01-2019-Monitoria-consolidada-pela-deliberacao-40-2018-1.pdf\" data-type=\"link\" data-id=\"https:\/\/fatecbarueri.edu.br\/home\/wp-content\/uploads\/2025\/07\/Doc.-IX-Deliberacao-01-2019-Monitoria-consolidada-pela-deliberacao-40-2018-1.pdf\" target=\"_blank\" rel=\"noreferrer noopener\">Delibera\u00e7\u00e3o CEETEPS \u2013 01, de 04-03- 2010<\/a>,&nbsp; alterada pela&nbsp;<a href=\"https:\/\/fatecbarueri.edu.br\/home\/wp-content\/uploads\/2025\/07\/Deliberacao-CEETEPS-40_2018-02-08.pdf\" data-type=\"link\" data-id=\"https:\/\/fatecbarueri.edu.br\/home\/wp-content\/uploads\/2025\/07\/Deliberacao-CEETEPS-40_2018-02-08.pdf\" target=\"_blank\" rel=\"noreferrer noopener\">Delibera\u00e7\u00e3o CEETEPS \u2013 40, de 08-02-2018<\/a><\/p>\n\n\n\n<p>O presente instrumento disp\u00f5e sobre o Programa de Monitoria nas Faculdades de Tecnologia do Centro Estadual de Educa\u00e7\u00e3o Tecnol\u00f3gica Paula Souza.<\/p>\n\n\n\n<p><a href=\"https:\/\/fatecbarueri.edu.br\/home\/wp-content\/uploads\/2025\/07\/Doc.-X-Instrucao-Normativa-07-2018-1.pdf\" data-type=\"link\" data-id=\"https:\/\/fatecbarueri.edu.br\/home\/wp-content\/uploads\/2025\/07\/Doc.-X-Instrucao-Normativa-07-2018-1.pdf\" target=\"_blank\" rel=\"noreferrer noopener\">Instru\u00e7\u00e3o Normativa Cesu 07, de 16-07-2018<\/a><\/p>\n\n\n\n<p>O presente instrumento estabelece procedimentos e disciplina a aplica\u00e7\u00e3o da Delibera\u00e7\u00e3o Ceeteps \u2013 40\/2018, que altera dispositivos da Delibera\u00e7\u00e3o Ceeteps \u2013 1\/2010, que disp\u00f5e sobre o Programa de Monitoria do Centro Estadual de Educa\u00e7\u00e3o Tecnol\u00f3gica Paula Souza \u2013 Ceeteps<\/p>\n\n\n\n<p><strong>Clique no link para acessar os <a href=\"https:\/\/fatecbarueri.edu.br\/home\/monitoria-editais-e-resultados\/\" data-type=\"page\" data-id=\"933\">Editais e Resultados de Monitoria<\/a>.\u00a0<\/strong><\/p>\n\n\n\n<p><\/p>\n<p><\/p>","protected":false},"excerpt":{"rendered":"<p>O&nbsp;Programa de Monitoria tem por objetivo o aprimoramento do ensino de gradua\u00e7\u00e3o. O Centro Estadual de Educa\u00e7\u00e3o Tecnol\u00f3gica Paula Souza remunerar\u00e1 as atividades de Monitoria com base na rela\u00e7\u00e3o de um Monitor para cada 100 (cem) alunos matriculados, visando estimular o interesse pelo Programa. O valor remunerat\u00f3rio para cada hora de Monitoria prevista corresponder\u00e1 a 25% do valor da hora-aula paga a Professor de Ensino Superior I-A.&nbsp; A participa\u00e7\u00e3o no Programa de Monitoria n\u00e3o cria v\u00ednculo empregat\u00edcio com o CEETEPS, nem obriga\u00e7\u00e3o de natureza trabalhista, previdenci\u00e1ria ou afim. No final do per\u00edodo, o Monitor receber\u00e1 certificado oficial de sua participa\u00e7\u00e3o&#8230; <\/p>\n","protected":false},"author":2,"featured_media":0,"parent":0,"menu_order":0,"comment_status":"closed","ping_status":"closed","template":"template-no-sidebar.php","meta":{"footnotes":""},"class_list":["post-492","page","type-page","status-publish","hentry"],"_links":{"self":[{"href":"https:\/\/fatecbarueri.edu.br\/home\/wp-json\/wp\/v2\/pages\/492"}],"collection":[{"href":"https:\/\/fatecbarueri.edu.br\/home\/wp-json\/wp\/v2\/pages"}],"about":[{"href":"https:\/\/fatecbarueri.edu.br\/home\/wp-json\/wp\/v2\/types\/page"}],"author":[{"embeddable":true,"href":"https:\/\/fatecbarueri.edu.br\/home\/wp-json\/wp\/v2\/users\/2"}],"replies":[{"embeddable":true,"href":"https:\/\/fatecbarueri.edu.br\/home\/wp-json\/wp\/v2\/comments?post=492"}],"version-history":[{"count":8,"href":"https:\/\/fatecbarueri.edu.br\/home\/wp-json\/wp\/v2\/pages\/492\/revisions"}],"predecessor-version":[{"id":935,"href":"https:\/\/fatecbarueri.edu.br\/home\/wp-json\/wp\/v2\/pages\/492\/revisions\/935"}],"wp:attachment":[{"href":"https:\/\/fatecbarueri.edu.br\/home\/wp-json\/wp\/v2\/media?parent=492"}],"curies":[{"name":"wp","href":"https:\/\/api.w.org\/{rel}","templated":true}]}}