{"id":486,"date":"2025-05-31T23:07:21","date_gmt":"2025-05-31T23:07:21","guid":{"rendered":"https:\/\/fatecbarueri.edu.br\/home\/?page_id=486"},"modified":"2025-05-31T23:07:23","modified_gmt":"2025-05-31T23:07:23","slug":"pesquisa","status":"publish","type":"page","link":"https:\/\/fatecbarueri.edu.br\/home\/pesquisa\/","title":{"rendered":"Pesquisa"},"content":{"rendered":"\n<p>A <strong>Fatec Barueri<\/strong> tem, nos termos do <strong>Regimento das Faculdades de Tecnologia do Centro Estadual de Educa\u00e7\u00e3o Tecnol\u00f3gica Paula Souza<\/strong>, dentre seus objetivos, o de <strong>desenvolver e promover a cultura, a ci\u00eancia, a tecnologia e a inova\u00e7\u00e3o por meio do ensino e da pesquisa aplicad<\/strong>a.<\/p>\n<p><\/p>","protected":false},"excerpt":{"rendered":"<p>A Fatec Barueri tem, nos termos do Regimento das Faculdades de Tecnologia do Centro Estadual de Educa\u00e7\u00e3o Tecnol\u00f3gica Paula Souza, dentre seus objetivos, o de desenvolver e promover a cultura, a ci\u00eancia, a tecnologia e a inova\u00e7\u00e3o por meio do ensino e da pesquisa aplicada.<\/p>\n","protected":false},"author":2,"featured_media":0,"parent":0,"menu_order":0,"comment_status":"closed","ping_status":"closed","template":"template-no-sidebar.php","meta":{"footnotes":""},"class_list":["post-486","page","type-page","status-publish","hentry"],"_links":{"self":[{"href":"https:\/\/fatecbarueri.edu.br\/home\/wp-json\/wp\/v2\/pages\/486"}],"collection":[{"href":"https:\/\/fatecbarueri.edu.br\/home\/wp-json\/wp\/v2\/pages"}],"about":[{"href":"https:\/\/fatecbarueri.edu.br\/home\/wp-json\/wp\/v2\/types\/page"}],"author":[{"embeddable":true,"href":"https:\/\/fatecbarueri.edu.br\/home\/wp-json\/wp\/v2\/users\/2"}],"replies":[{"embeddable":true,"href":"https:\/\/fatecbarueri.edu.br\/home\/wp-json\/wp\/v2\/comments?post=486"}],"version-history":[{"count":1,"href":"https:\/\/fatecbarueri.edu.br\/home\/wp-json\/wp\/v2\/pages\/486\/revisions"}],"predecessor-version":[{"id":487,"href":"https:\/\/fatecbarueri.edu.br\/home\/wp-json\/wp\/v2\/pages\/486\/revisions\/487"}],"wp:attachment":[{"href":"https:\/\/fatecbarueri.edu.br\/home\/wp-json\/wp\/v2\/media?parent=486"}],"curies":[{"name":"wp","href":"https:\/\/api.w.org\/{rel}","templated":true}]}}