{"id":462,"date":"2025-05-31T22:26:45","date_gmt":"2025-05-31T22:26:45","guid":{"rendered":"https:\/\/fatecbarueri.edu.br\/home\/?page_id=462"},"modified":"2026-04-01T14:06:27","modified_gmt":"2026-04-01T14:06:27","slug":"ensino","status":"publish","type":"page","link":"https:\/\/fatecbarueri.edu.br\/home\/ensino\/","title":{"rendered":"Ensino Superior Gratuito de Qualidade"},"content":{"rendered":"\n<p><strong>A Fatec Barueri oferece<\/strong> <strong>09 cursos superiores (gradua\u00e7\u00f5es) totalmente gratuitos<\/strong>, com dura\u00e7\u00e3o de 03 anos e carga hor\u00e1ria de 2.800 horas, sendo 08 cursos na modalidade presencial (per\u00edodo matutino, per\u00edodo vespertino e\/ou noturno) e 01 curso na modalidade EaD (Unidade Polo), <strong>que t\u00eam como objetivo formar profissionais que atendam \u00e0s reais necessidades do mercado e da sociedade<\/strong>.<\/p>\n\n\n\n<p>Com oferta mediante&nbsp;<strong>processo seletivo vestibular e prov\u00e3o paulista,<\/strong>&nbsp;<strong>de 400 vagas semestrais<\/strong>&nbsp;para seus cursos (800 vagas no ano), esta faculdade, fortalecida pela marca de ensino superior gratuito de qualidade e com foco na empregabilidade,&nbsp;<strong>apresenta cerca de 90% de professores mestres e\/ou doutores com vasta experi\u00eancia no mercado de trabalho<\/strong>.<\/p>\n\n\n\n<p><strong>Nossos cursos superiores:<\/strong><\/p>\n\n\n\n<p><strong>Tecnologia em\u00a0<a href=\"https:\/\/fatecbarueri.edu.br\/home\/tecnologo-em-comercio-exterior\/\">Com\u00e9rcio Exterior<\/a><\/strong><br><strong>Turno:<\/strong>\u00a0Tarde e Noite<br><strong>Vagas:<\/strong>\u00a080 vagas por semestre<\/p>\n\n\n\n<p><strong>Tecnologia em\u00a0<a href=\"https:\/\/fatecbarueri.edu.br\/home\/tecnologo-em-design-de-midias-digitais\/\">Design de M\u00eddias Digitas<\/a><\/strong><br><strong>Turno:<\/strong>\u00a0Noite<br><strong>Vagas:<\/strong>\u00a040 vagas por semestre<\/p>\n\n\n\n<p><strong>Tecnologia em\u00a0<a href=\"https:\/\/fatecbarueri.edu.br\/home\/tecnologo-em-gestao-de-eventos\/\">Gest\u00e3o de Eventos<\/a><\/strong><br><strong>Turno:<\/strong>\u00a0Manh\u00e3<br><strong>Vagas:<\/strong>\u00a040 vagas por semestre<\/p>\n\n\n\n<p><strong>Tecnologia em\u00a0<\/strong><a href=\"https:\/\/fatecbarueri.edu.br\/home\/tecnologo-em-gestao-de-recursos-humanos\/\" data-type=\"link\" data-id=\"https:\/\/fatecbarueri.edu.br\/home\/tecnologo-em-gestao-de-recursos-humanos\/\"><strong>Gest\u00e3o de Recursos Humanos<\/strong><br><\/a><strong>Turno:<\/strong>\u00a0Noite<br><strong>Vagas:<\/strong>\u00a040 vagas por semestre<\/p>\n\n\n\n<p><strong>Tecnologia em\u00a0<a href=\"https:\/\/fatecbarueri.edu.br\/home\/tecnologo-em-gestao-da-tecnologia-da-informacao\/\">Gest\u00e3o da Tecnologia da Informa\u00e7\u00e3o<\/a><\/strong><br><strong>Turno:<\/strong>\u00a0Manh\u00e3<br><strong>Vagas:<\/strong>\u00a040 vagas por semestre<\/p>\n\n\n\n<p><strong>Tecnologia em&nbsp;<a href=\"https:\/\/fatecbarueri.edu.br\/home\/tecnologo-em-gestao-empresarial-ead\/\">Gest\u00e3o Empresarial (EaD)<\/a><\/strong><br><strong>Turno:<\/strong>&nbsp;Modalidade de Ensino \u00e0 Dist\u00e2ncia<br><strong>Vagas:<\/strong>&nbsp;40 vagas por semestre<\/p>\n\n\n\n<p><strong>Tecnologia em\u00a0<a href=\"https:\/\/fatecbarueri.edu.br\/home\/tecnologo-em-transporte-terrestre\/\">Transporte Terrestre<\/a><\/strong><br><strong>Turno:<\/strong>\u00a0Noite<br><strong>Vagas:<\/strong>\u00a040 vagas por semestre<\/p>\n\n\n\n<p><strong>Tecnologia em\u00a0<a href=\"https:\/\/fatecbarueri.edu.br\/home\/tecnologo-em-gestao-de-comercio-eletronico\/\">Gest\u00e3o de Com\u00e9rcio Eletr\u00f4nico<\/a><\/strong><br><strong>Turno:<\/strong>\u00a0Noite<br><strong>Vagas:<\/strong>\u00a040 vagas por semestre<\/p>\n\n\n\n<p><strong>Tecnologia em\u00a0<\/strong><a title=\"Tecnologo em Gest\u00e3o de Neg\u00f3cios e Pessoas\" href=\"https:\/\/fatecbarueri.edu.br\/home\/tecnologo-em-gestao-de-negocios-e-pessoas\/\"><strong>Gest\u00e3o de Neg\u00f3cios e Pessoas<\/strong><\/a><br><strong>Turno:<\/strong>\u00a0Manh\u00e3<br><strong>Vagas:<\/strong>\u00a040 vagas por semestre<\/p>\n\n\n\n<p>Assista ao v\u00eddeo institucional:<\/p>\n\n\n\n<figure class=\"wp-block-embed is-type-video is-provider-youtube wp-block-embed-youtube wp-embed-aspect-16-9 wp-has-aspect-ratio\"><div class=\"wp-block-embed__wrapper\">\n<iframe loading=\"lazy\" title=\"Fatec Barueri - Video Institucional 2025\" width=\"500\" height=\"281\" src=\"https:\/\/www.youtube.com\/embed\/rYJTt3bZ-NE?feature=oembed\" frameborder=\"0\" allow=\"accelerometer; autoplay; clipboard-write; encrypted-media; gyroscope; picture-in-picture; web-share\" referrerpolicy=\"strict-origin-when-cross-origin\" allowfullscreen><\/iframe>\n<\/div><\/figure>\n\n\n\n<p><\/p>\n<p><\/p>","protected":false},"excerpt":{"rendered":"<p>A Fatec Barueri oferece 09 cursos superiores (gradua\u00e7\u00f5es) totalmente gratuitos, com dura\u00e7\u00e3o de 03 anos e carga hor\u00e1ria de 2.800 horas, sendo 08 cursos na modalidade presencial (per\u00edodo matutino, per\u00edodo vespertino e\/ou noturno) e 01 curso na modalidade EaD (Unidade Polo), que t\u00eam como objetivo formar profissionais que atendam \u00e0s reais necessidades do mercado e da sociedade. Com oferta mediante&nbsp;processo seletivo vestibular e prov\u00e3o paulista,&nbsp;de 400 vagas semestrais&nbsp;para seus cursos (800 vagas no ano), esta faculdade, fortalecida pela marca de ensino superior gratuito de qualidade e com foco na empregabilidade,&nbsp;apresenta cerca de 90% de professores mestres e\/ou doutores com vasta&#8230; <\/p>\n","protected":false},"author":2,"featured_media":0,"parent":0,"menu_order":0,"comment_status":"closed","ping_status":"closed","template":"template-no-sidebar.php","meta":{"footnotes":""},"class_list":["post-462","page","type-page","status-publish","hentry"],"_links":{"self":[{"href":"https:\/\/fatecbarueri.edu.br\/home\/wp-json\/wp\/v2\/pages\/462"}],"collection":[{"href":"https:\/\/fatecbarueri.edu.br\/home\/wp-json\/wp\/v2\/pages"}],"about":[{"href":"https:\/\/fatecbarueri.edu.br\/home\/wp-json\/wp\/v2\/types\/page"}],"author":[{"embeddable":true,"href":"https:\/\/fatecbarueri.edu.br\/home\/wp-json\/wp\/v2\/users\/2"}],"replies":[{"embeddable":true,"href":"https:\/\/fatecbarueri.edu.br\/home\/wp-json\/wp\/v2\/comments?post=462"}],"version-history":[{"count":16,"href":"https:\/\/fatecbarueri.edu.br\/home\/wp-json\/wp\/v2\/pages\/462\/revisions"}],"predecessor-version":[{"id":1408,"href":"https:\/\/fatecbarueri.edu.br\/home\/wp-json\/wp\/v2\/pages\/462\/revisions\/1408"}],"wp:attachment":[{"href":"https:\/\/fatecbarueri.edu.br\/home\/wp-json\/wp\/v2\/media?parent=462"}],"curies":[{"name":"wp","href":"https:\/\/api.w.org\/{rel}","templated":true}]}}