{"id":426,"date":"2025-05-31T21:44:12","date_gmt":"2025-05-31T21:44:12","guid":{"rendered":"https:\/\/fatecbarueri.edu.br\/home\/?page_id=426"},"modified":"2025-12-16T13:34:10","modified_gmt":"2025-12-16T13:34:10","slug":"comissao-propria-de-avaliacao-cpa","status":"publish","type":"page","link":"https:\/\/fatecbarueri.edu.br\/home\/comissao-propria-de-avaliacao-cpa\/","title":{"rendered":"Comiss\u00e3o Pr\u00f3pria de Avalia\u00e7\u00e3o &#8211; CPA"},"content":{"rendered":"\n<p>A partir da Lei Federal n\u00ba. 10.861, de 14 de abril de 2004, que institui o Sistema Nacional de Avalia\u00e7\u00e3o da Educa\u00e7\u00e3o Superior-SNAES, toda Institui\u00e7\u00e3o de Ensino Superior passou a ter que constituir uma Comiss\u00e3o Pr\u00f3pria de Avalia\u00e7\u00e3o \u2013 CPA.<\/p>\n\n\n\n<p><strong>A Fatec Barueri<\/strong>, em conformidade com a Lei Federal n\u00ba. 10.861, de 14 de abril de 2004 e o Regimento das Faculdades de Tecnologia \u2013 Fatecs \u2013 do Centro Estadual de Educa\u00e7\u00e3o Tecnol\u00f3gica Paula Souza \u2013 Ceeteps, <strong>possui constitu\u00edda a Comiss\u00e3o Pr\u00f3pria de Avalia\u00e7\u00e3o \u2013 CPA com atribui\u00e7\u00e3o de sistematizar e analisar as informa\u00e7\u00f5es relativas \u00e0s dimens\u00f5es institucionais utilizadas para a avalia\u00e7\u00e3o e estabelecidas no Sistema Nacional de Avalia\u00e7\u00e3o da Educa\u00e7\u00e3o Superior &#8211; SINAES, e tem atua\u00e7\u00e3o aut\u00f4noma em rela\u00e7\u00e3o aos demais \u00f3rg\u00e3os colegiados da Faculdade<\/strong>.<\/p>\n\n\n\n<p>A CPA tem por finalidade contribuir com o planejamento, a elabora\u00e7\u00e3o, a coordena\u00e7\u00e3o e o monitoramento da pol\u00edtica de autoavalia\u00e7\u00e3o institucional, promovendo, no que couber, a interlocu\u00e7\u00e3o com os \u00f3rg\u00e3os de regula\u00e7\u00e3o, supervis\u00e3o e avalia\u00e7\u00e3o.<\/p>\n\n\n\n<p><strong>A autoavalia\u00e7\u00e3o tem por objetivo a melhoria da qualidade do ensino tecnol\u00f3gico, a orienta\u00e7\u00e3o da expans\u00e3o de sua oferta, a consolida\u00e7\u00e3o da fun\u00e7\u00e3o social do ensino superior e o desenvolvimento institucional, consistindo em um processo cont\u00ednuo, sist\u00eamico e participativo<\/strong>.<\/p>\n\n\n\n<p>Para tanto, a comiss\u00e3o \u00e9 formada por diferentes membros, representantes dos v\u00e1rios segmentos da comunidade acad\u00eamica e da sociedade civil organizada. Assim, conhe\u00e7a os membros da Comiss\u00e3o Pr\u00f3pria de Avalia\u00e7\u00e3o \u2013 CPA da Fatec Barueri:<\/p>\n\n\n\n<figure class=\"wp-block-table is-style-stripes\"><table class=\"has-fixed-layout\"><tbody><tr><td><strong>I \u2013 Representante do corpo docente:<\/strong><\/td><\/tr><tr><td>Profa. Dra. Alair Helena Ferreira Hayashi;<br>Prof. Esp. Daniel Batista de Almeida;<br>Profa. Dra. Fernanda Castilho Santana;<br>Prof. Me. Gustavo Cardoso Garcia;<br>Prof. Dr. Ronaldo Willian Reis.<\/td><\/tr><tr><td><strong>II \u2013 Representante do corpo discente:<\/strong><\/td><\/tr><tr><td>Srta. Jessica Carvalho Musciano.<\/td><\/tr><tr><td><strong>III \u2013 Representante do corpo T\u00e9cnico-administrativo:<\/strong><\/td><\/tr><tr><td>Srta. Jullia Campos Morais.<\/td><\/tr><tr><td><strong>IV \u2013 Representante da comunidade externa:<\/strong><\/td><\/tr><tr><td>Sr. Edmilson de Brito.<\/td><\/tr><\/tbody><\/table><\/figure>\n\n\n\n<p>A forma de composi\u00e7\u00e3o e a din\u00e2mica de funcionamento da CPA, respeitadas as diretrizes da Superintend\u00eancia do Ceeteps (Portaria CEETEPS-GDS n. 1305, de 31-5-2016), s\u00e3o objeto de regulamento pr\u00f3prio, aprovado pela Congrega\u00e7\u00e3o da Fatec, sendo que na orienta\u00e7\u00e3o para uniformidade de procedimentos, cabe \u00e0 Unidade do Ensino Superior de Gradua\u00e7\u00e3o \u2013 Cesu:<\/p>\n\n\n\n<p>I &#8211; acompanhar e avaliar a condu\u00e7\u00e3o dos processos de avalia\u00e7\u00e3o interna, bem como a sistematiza\u00e7\u00e3o e presta\u00e7\u00e3o das informa\u00e7\u00f5es solicitadas pelo INEP;<\/p>\n\n\n\n<p>II &#8211; expedir instru\u00e7\u00f5es complementares.<\/p>\n\n\n\n<p>A metodologia de pesquisa est\u00e1 centrada resumidamente na aplica\u00e7\u00e3o de question\u00e1rios com o p\u00fablico interno para tra\u00e7ar um panorama geral de seu desempenho e detectar pontos fortes e fracos que requerem mudan\u00e7as e melhorias para o aperfei\u00e7oamento da institui\u00e7\u00e3o.<\/p>\n\n\n\n<p>A CPA visa tornar a autoavalia\u00e7\u00e3o uma a\u00e7\u00e3o permanente, incentivando a participa\u00e7\u00e3o de alunos, professores e funcion\u00e1rios: divulgar seus resultados e fornecer \u00e0 institui\u00e7\u00e3o informa\u00e7\u00f5es sempre atualizadas, facilitando dessa forma as a\u00e7\u00f5es necess\u00e1rias para eventuais mudan\u00e7as e aperfei\u00e7oamento da institui\u00e7\u00e3o.<\/p>\n\n\n\n<p><strong><a href=\"https:\/\/fatecbarueri.edu.br\/home\/wp-content\/uploads\/2025\/12\/Relatorio-CPA-2024-Fatec-Barueri-Versao-Final-para-o-site-FATEC.pdf\" data-type=\"link\" data-id=\"https:\/\/fatecbarueri.edu.br\/home\/wp-content\/uploads\/2025\/12\/Relatorio-CPA-2024-Fatec-Barueri-Versao-Final-para-o-site-FATEC.pdf\">Acesse o \u00faltimo relat\u00f3rio da Comiss\u00e3o Pr\u00f3pria de Avalia\u00e7\u00e3o<\/a><\/strong><\/p>\n\n\n\n<p><strong>Saiba mais sobre a Comiss\u00e3o Pr\u00f3pria de Avalia\u00e7\u00e3o \u2013 CPA da Fatec Barueri<\/strong> acessando a Portaria CEETEPS-GDS n. 1305, de 31-5-2016, que disp\u00f5e sobre a constitui\u00e7\u00e3o da Comiss\u00e3o Pr\u00f3pria de Avalia\u00e7\u00e3o \u2013 CPA, nas Faculdades de Tecnologia \u2013 Fatecs do CEETEPS e provid\u00eancias correlatas. Nestas disposi\u00e7\u00f5es normativas h\u00e1 diretrizes sobre a finalidade, a compet\u00eancia, as atribui\u00e7\u00f5es, a constitui\u00e7\u00e3o e o funcionamento da CPA, o processo de avalia\u00e7\u00e3o interna, a compet\u00eancia da Unidade do Ensino Superior de Gradua\u00e7\u00e3o \u2013 Cesu, bem como elei\u00e7\u00e3o e mandato dos seus membros.<\/p>\n<p><\/p>","protected":false},"excerpt":{"rendered":"<p>A partir da Lei Federal n\u00ba. 10.861, de 14 de abril de 2004, que institui o Sistema Nacional de Avalia\u00e7\u00e3o da Educa\u00e7\u00e3o Superior-SNAES, toda Institui\u00e7\u00e3o de Ensino Superior passou a ter que constituir uma Comiss\u00e3o Pr\u00f3pria de Avalia\u00e7\u00e3o \u2013 CPA. A Fatec Barueri, em conformidade com a Lei Federal n\u00ba. 10.861, de 14 de abril de 2004 e o Regimento das Faculdades de Tecnologia \u2013 Fatecs \u2013 do Centro Estadual de Educa\u00e7\u00e3o Tecnol\u00f3gica Paula Souza \u2013 Ceeteps, possui constitu\u00edda a Comiss\u00e3o Pr\u00f3pria de Avalia\u00e7\u00e3o \u2013 CPA com atribui\u00e7\u00e3o de sistematizar e analisar as informa\u00e7\u00f5es relativas \u00e0s dimens\u00f5es institucionais utilizadas para&#8230; <\/p>\n","protected":false},"author":2,"featured_media":0,"parent":0,"menu_order":0,"comment_status":"closed","ping_status":"closed","template":"template-no-sidebar.php","meta":{"footnotes":""},"class_list":["post-426","page","type-page","status-publish","hentry"],"_links":{"self":[{"href":"https:\/\/fatecbarueri.edu.br\/home\/wp-json\/wp\/v2\/pages\/426"}],"collection":[{"href":"https:\/\/fatecbarueri.edu.br\/home\/wp-json\/wp\/v2\/pages"}],"about":[{"href":"https:\/\/fatecbarueri.edu.br\/home\/wp-json\/wp\/v2\/types\/page"}],"author":[{"embeddable":true,"href":"https:\/\/fatecbarueri.edu.br\/home\/wp-json\/wp\/v2\/users\/2"}],"replies":[{"embeddable":true,"href":"https:\/\/fatecbarueri.edu.br\/home\/wp-json\/wp\/v2\/comments?post=426"}],"version-history":[{"count":3,"href":"https:\/\/fatecbarueri.edu.br\/home\/wp-json\/wp\/v2\/pages\/426\/revisions"}],"predecessor-version":[{"id":1220,"href":"https:\/\/fatecbarueri.edu.br\/home\/wp-json\/wp\/v2\/pages\/426\/revisions\/1220"}],"wp:attachment":[{"href":"https:\/\/fatecbarueri.edu.br\/home\/wp-json\/wp\/v2\/media?parent=426"}],"curies":[{"name":"wp","href":"https:\/\/api.w.org\/{rel}","templated":true}]}}