{"id":40,"date":"2025-05-23T17:48:21","date_gmt":"2025-05-23T17:48:21","guid":{"rendered":"https:\/\/fatecbarueri.edu.br\/home\/?page_id=40"},"modified":"2025-05-31T23:50:23","modified_gmt":"2025-05-31T23:50:23","slug":"biblioteca","status":"publish","type":"page","link":"https:\/\/fatecbarueri.edu.br\/home\/biblioteca\/","title":{"rendered":"Biblioteca"},"content":{"rendered":"\n<p>A Biblioteca funciona de&nbsp;<strong>segunda \u00e0 s\u00e1bado<\/strong>.<\/p>\n\n\n\n<p>No per\u00edodo letivo o hor\u00e1rio de atendimento \u00e9 de segunda a sexta-feira das 07h45min \u00e0s 22h15min e s\u00e1bado das 08h \u00e0s 13h<strong>.<\/strong><\/p>\n\n\n\n<p><strong>A Biblioteca conta com acervo de 11926 obras e est\u00e1 dispon\u00edvel \u00e0 comunidade Fatecana.<\/strong><\/p>\n<p><\/p>","protected":false},"excerpt":{"rendered":"<p>A Biblioteca funciona de&nbsp;segunda \u00e0 s\u00e1bado. No per\u00edodo letivo o hor\u00e1rio de atendimento \u00e9 de segunda a sexta-feira das 07h45min \u00e0s 22h15min e s\u00e1bado das 08h \u00e0s 13h. A Biblioteca conta com acervo de 11926 obras e est\u00e1 dispon\u00edvel \u00e0 comunidade Fatecana.<\/p>\n","protected":false},"author":2,"featured_media":0,"parent":0,"menu_order":0,"comment_status":"closed","ping_status":"closed","template":"template-no-sidebar.php","meta":{"footnotes":""},"class_list":["post-40","page","type-page","status-publish","hentry"],"_links":{"self":[{"href":"https:\/\/fatecbarueri.edu.br\/home\/wp-json\/wp\/v2\/pages\/40"}],"collection":[{"href":"https:\/\/fatecbarueri.edu.br\/home\/wp-json\/wp\/v2\/pages"}],"about":[{"href":"https:\/\/fatecbarueri.edu.br\/home\/wp-json\/wp\/v2\/types\/page"}],"author":[{"embeddable":true,"href":"https:\/\/fatecbarueri.edu.br\/home\/wp-json\/wp\/v2\/users\/2"}],"replies":[{"embeddable":true,"href":"https:\/\/fatecbarueri.edu.br\/home\/wp-json\/wp\/v2\/comments?post=40"}],"version-history":[{"count":2,"href":"https:\/\/fatecbarueri.edu.br\/home\/wp-json\/wp\/v2\/pages\/40\/revisions"}],"predecessor-version":[{"id":523,"href":"https:\/\/fatecbarueri.edu.br\/home\/wp-json\/wp\/v2\/pages\/40\/revisions\/523"}],"wp:attachment":[{"href":"https:\/\/fatecbarueri.edu.br\/home\/wp-json\/wp\/v2\/media?parent=40"}],"curies":[{"name":"wp","href":"https:\/\/api.w.org\/{rel}","templated":true}]}}