{"id":319,"date":"2025-05-30T20:59:14","date_gmt":"2025-05-30T20:59:14","guid":{"rendered":"https:\/\/fatecbarueri.edu.br\/home\/?page_id=319"},"modified":"2025-09-10T18:11:23","modified_gmt":"2025-09-10T18:11:23","slug":"diretoria-de-servicos-administrativos","status":"publish","type":"page","link":"https:\/\/fatecbarueri.edu.br\/home\/diretoria-de-servicos-administrativos\/","title":{"rendered":"Chefia de Servi\u00e7os Administrativos"},"content":{"rendered":"\n<p><strong>A Chefia de Servi\u00e7os Administrativos da Fatec Barueri<\/strong>, em conformidade com o Regimento das Faculdades de Tecnologia \u2013 Fatecs \u2013 do Centro Estadual de Educa\u00e7\u00e3o Tecnol\u00f3gica Paula Souza \u2013 Ceeteps, \u00e9 um dos \u00f3rg\u00e3os que comp\u00f5e a Dire\u00e7\u00e3o da Faculdade, <strong>respons\u00e1vel pela coordena\u00e7\u00e3o, orienta\u00e7\u00e3o e controle do desenvolvimento das atividades administrativas da Faculdade<\/strong>.<\/p>\n\n\n\n<div class=\"wp-block-media-text is-stacked-on-mobile is-vertically-aligned-top\" style=\"grid-template-columns:17% auto\"><figure class=\"wp-block-media-text__media\"><img loading=\"lazy\" decoding=\"async\" width=\"717\" height=\"712\" src=\"https:\/\/fatecbarueri.edu.br\/home\/wp-content\/uploads\/2025\/05\/naline_belmiro.png\" alt=\"\" class=\"wp-image-406 size-full\" srcset=\"https:\/\/fatecbarueri.edu.br\/home\/wp-content\/uploads\/2025\/05\/naline_belmiro.png 717w, https:\/\/fatecbarueri.edu.br\/home\/wp-content\/uploads\/2025\/05\/naline_belmiro-300x298.png 300w, https:\/\/fatecbarueri.edu.br\/home\/wp-content\/uploads\/2025\/05\/naline_belmiro-150x150.png 150w\" sizes=\"(max-width: 717px) 100vw, 717px\" \/><\/figure><div class=\"wp-block-media-text__content\">\n<p>A Chefia de Servi\u00e7os Administrativos da Fatec Barueri <strong>\u00e9 exercida pela Sra. Naline Belmiro<\/strong>.<\/p>\n<\/div><\/div>\n\n\n\n<p><strong>Saiba mais sobre a Chefia de Servi\u00e7os Administrativos da Fatec Barueri<\/strong> lendo os artigos 19 e 20 do Regimento das Fatecs do Ceeteps. Nestas disposi\u00e7\u00f5es normativas h\u00e1 diretrizes sobre a estrutura organizacional dos servi\u00e7os administrativos e atribui\u00e7\u00f5es da Diretoria de Servi\u00e7os Administrativos.<\/p>\n\n\n\n<p><\/p>\n<p><\/p>","protected":false},"excerpt":{"rendered":"<p>A Chefia de Servi\u00e7os Administrativos da Fatec Barueri, em conformidade com o Regimento das Faculdades de Tecnologia \u2013 Fatecs \u2013 do Centro Estadual de Educa\u00e7\u00e3o Tecnol\u00f3gica Paula Souza \u2013 Ceeteps, \u00e9 um dos \u00f3rg\u00e3os que comp\u00f5e a Dire\u00e7\u00e3o da Faculdade, respons\u00e1vel pela coordena\u00e7\u00e3o, orienta\u00e7\u00e3o e controle do desenvolvimento das atividades administrativas da Faculdade. A Chefia de Servi\u00e7os Administrativos da Fatec Barueri \u00e9 exercida pela Sra. Naline Belmiro. Saiba mais sobre a Chefia de Servi\u00e7os Administrativos da Fatec Barueri lendo os artigos 19 e 20 do Regimento das Fatecs do Ceeteps. Nestas disposi\u00e7\u00f5es normativas h\u00e1 diretrizes sobre a estrutura organizacional dos&#8230; <\/p>\n","protected":false},"author":2,"featured_media":0,"parent":0,"menu_order":0,"comment_status":"closed","ping_status":"closed","template":"template-no-sidebar.php","meta":{"footnotes":""},"class_list":["post-319","page","type-page","status-publish","hentry"],"_links":{"self":[{"href":"https:\/\/fatecbarueri.edu.br\/home\/wp-json\/wp\/v2\/pages\/319"}],"collection":[{"href":"https:\/\/fatecbarueri.edu.br\/home\/wp-json\/wp\/v2\/pages"}],"about":[{"href":"https:\/\/fatecbarueri.edu.br\/home\/wp-json\/wp\/v2\/types\/page"}],"author":[{"embeddable":true,"href":"https:\/\/fatecbarueri.edu.br\/home\/wp-json\/wp\/v2\/users\/2"}],"replies":[{"embeddable":true,"href":"https:\/\/fatecbarueri.edu.br\/home\/wp-json\/wp\/v2\/comments?post=319"}],"version-history":[{"count":4,"href":"https:\/\/fatecbarueri.edu.br\/home\/wp-json\/wp\/v2\/pages\/319\/revisions"}],"predecessor-version":[{"id":1140,"href":"https:\/\/fatecbarueri.edu.br\/home\/wp-json\/wp\/v2\/pages\/319\/revisions\/1140"}],"wp:attachment":[{"href":"https:\/\/fatecbarueri.edu.br\/home\/wp-json\/wp\/v2\/media?parent=319"}],"curies":[{"name":"wp","href":"https:\/\/api.w.org\/{rel}","templated":true}]}}