{"id":162,"date":"2025-05-23T19:45:13","date_gmt":"2025-05-23T19:45:13","guid":{"rendered":"https:\/\/fatecbarueri.edu.br\/home\/?page_id=162"},"modified":"2026-04-01T17:46:25","modified_gmt":"2026-04-01T17:46:25","slug":"tecnologo-em-logistica","status":"publish","type":"page","link":"https:\/\/fatecbarueri.edu.br\/home\/tecnologo-em-logistica\/","title":{"rendered":"Tecn\u00f3logo em Log\u00edstica"},"content":{"rendered":"\n<figure class=\"wp-block-image size-full\"><img loading=\"lazy\" decoding=\"async\" width=\"1024\" height=\"416\" src=\"https:\/\/fatecbarueri.edu.br\/home\/wp-content\/uploads\/2025\/05\/LOG.png\" alt=\"\" class=\"wp-image-185\" srcset=\"https:\/\/fatecbarueri.edu.br\/home\/wp-content\/uploads\/2025\/05\/LOG.png 1024w, https:\/\/fatecbarueri.edu.br\/home\/wp-content\/uploads\/2025\/05\/LOG-300x122.png 300w, https:\/\/fatecbarueri.edu.br\/home\/wp-content\/uploads\/2025\/05\/LOG-768x312.png 768w\" sizes=\"(max-width: 1024px) 100vw, 1024px\" \/><\/figure>\n\n\n\n<p><\/p>\n\n\n\n<h3 class=\"wp-block-heading\">O que faz o Tecn\u00f3logo?<\/h3>\n\n\n\n<p>Os profissionais formados pelo curso de Tecnologia em Log\u00edstica t\u00eam a qualifica\u00e7\u00e3o para tratar as quest\u00f5es referentes a armazenagem, distribui\u00e7\u00e3o e transporte. Suas habilidades ser\u00e3o voltadas para a organiza\u00e7\u00e3o, planejamento, otimizado o fluxo da cadeia de suprimentos e a coordena\u00e7\u00e3o de movimenta\u00e7\u00f5es f\u00edsica e das informa\u00e7\u00f5es no que tange aos processos de opera\u00e7\u00f5es intermodais e multimodais.<\/p>\n\n\n\n<h3 class=\"wp-block-heading\">Onde atua?<\/h3>\n\n\n\n<p>Em companhias de log\u00edstica, nos setores de educa\u00e7\u00e3o, nos setores da cadeia de suprimentos, nos setores de distribui\u00e7\u00e3o. Em institui\u00e7\u00f5es do setor p\u00fablico ou privado planejando e fiscalizando e analisando seus impactos ao meio. No setor de opera\u00e7\u00f5es de empresas de transporte.<\/p>\n\n\n\n<h3 class=\"wp-block-heading\">O que se estuda?<\/h3>\n\n\n\n<p>Administra\u00e7\u00e3o, Gest\u00e3o de Custos e Tributos, Log\u00edstica, Movimenta\u00e7\u00e3o e Armazenagem, Transporte de Cargas Especiais, Gest\u00e3o de Estoque, Marketing, Com\u00e9rcio Exterior, Cadeia de Suprimentos, Ingl\u00eas, Espanhol e muito mais.<\/p>\n\n\n\n<p><strong>Dura\u00e7\u00e3o do curso:<\/strong>&nbsp;6 semestres<\/p>\n\n\n\n<p><strong>Hor\u00e1rio das aulas<\/strong><\/p>\n\n\n\n<p>Vespertino<strong>:\u00a0<\/strong>Segunda a Sexta-feira &#8211; das 12h40min \u00e0s 18h00<\/p>\n\n\n\n<p><\/p>\n\n\n\n<p>Fa\u00e7a o download do <a href=\"https:\/\/fatecbarueri.edu.br\/home\/wp-content\/uploads\/2025\/08\/PPC-CST_LOGISTICA-NOVO.pdf\" target=\"_blank\" rel=\"noreferrer noopener\"><strong>Projeto Pedag\u00f3gico (grade nova) do CST em Log\u00edstica<\/strong>.<\/a><\/p>\n\n\n\n<p><\/p>\n\n\n\n<p><strong>Contato<\/strong>: <a href=\"mailto:f209coord.log@cps.sp.gov.br\" target=\"_blank\" rel=\"noreferrer noopener\">f209coord.log@cps.sp.gov.br<\/a><\/p>\n\n\n\n<p>Clique aqui e&nbsp;<strong><a href=\"https:\/\/fatecbarueri.edu.br\/home\/estude-conosco\/\">ESTUDE CONOSCO<\/a><\/strong>.<\/p>\n<p><\/p>","protected":false},"excerpt":{"rendered":"<p>O que faz o Tecn\u00f3logo? Os profissionais formados pelo curso de Tecnologia em Log\u00edstica t\u00eam a qualifica\u00e7\u00e3o para tratar as quest\u00f5es referentes a armazenagem, distribui\u00e7\u00e3o e transporte. Suas habilidades ser\u00e3o voltadas para a organiza\u00e7\u00e3o, planejamento, otimizado o fluxo da cadeia de suprimentos e a coordena\u00e7\u00e3o de movimenta\u00e7\u00f5es f\u00edsica e das informa\u00e7\u00f5es no que tange aos processos de opera\u00e7\u00f5es intermodais e multimodais. Onde atua? Em companhias de log\u00edstica, nos setores de educa\u00e7\u00e3o, nos setores da cadeia de suprimentos, nos setores de distribui\u00e7\u00e3o. Em institui\u00e7\u00f5es do setor p\u00fablico ou privado planejando e fiscalizando e analisando seus impactos ao meio. No setor de&#8230; <\/p>\n","protected":false},"author":2,"featured_media":0,"parent":0,"menu_order":0,"comment_status":"closed","ping_status":"closed","template":"template-no-sidebar.php","meta":{"footnotes":""},"class_list":["post-162","page","type-page","status-publish","hentry"],"_links":{"self":[{"href":"https:\/\/fatecbarueri.edu.br\/home\/wp-json\/wp\/v2\/pages\/162"}],"collection":[{"href":"https:\/\/fatecbarueri.edu.br\/home\/wp-json\/wp\/v2\/pages"}],"about":[{"href":"https:\/\/fatecbarueri.edu.br\/home\/wp-json\/wp\/v2\/types\/page"}],"author":[{"embeddable":true,"href":"https:\/\/fatecbarueri.edu.br\/home\/wp-json\/wp\/v2\/users\/2"}],"replies":[{"embeddable":true,"href":"https:\/\/fatecbarueri.edu.br\/home\/wp-json\/wp\/v2\/comments?post=162"}],"version-history":[{"count":9,"href":"https:\/\/fatecbarueri.edu.br\/home\/wp-json\/wp\/v2\/pages\/162\/revisions"}],"predecessor-version":[{"id":1414,"href":"https:\/\/fatecbarueri.edu.br\/home\/wp-json\/wp\/v2\/pages\/162\/revisions\/1414"}],"wp:attachment":[{"href":"https:\/\/fatecbarueri.edu.br\/home\/wp-json\/wp\/v2\/media?parent=162"}],"curies":[{"name":"wp","href":"https:\/\/api.w.org\/{rel}","templated":true}]}}