{"id":122,"date":"2025-05-23T18:36:44","date_gmt":"2025-05-23T18:36:44","guid":{"rendered":"https:\/\/fatecbarueri.edu.br\/home\/?page_id=122"},"modified":"2025-06-01T02:26:15","modified_gmt":"2025-06-01T02:26:15","slug":"passe-livre-barueri","status":"publish","type":"page","link":"https:\/\/fatecbarueri.edu.br\/home\/passe-livre-barueri\/","title":{"rendered":"Passe Livre Barueri"},"content":{"rendered":"\n<p>Confira as regras do Passe Estudantil no site da&nbsp;<a href=\"https:\/\/www.educbarueri.sp.gov.br\/passe-estudantil\" target=\"_blank\" rel=\"noreferrer noopener\">Prefeitura Municipal de Barueri<\/a>.<\/p>\n\n\n\n<h3 class=\"wp-block-heading\">Formul\u00e1rio de requisi\u00e7\u00e3o de Passe Escolar<\/h3>\n\n\n<div class=\"wpforms-container wpforms-container-full wpforms-block wpforms-block-46545d8f-6cec-48c2-bd64-c8b2f70438e3 wpforms-render-modern\" id=\"wpforms-569\"><form id=\"wpforms-form-569\" class=\"wpforms-validate wpforms-form wpforms-ajax-form\" data-formid=\"569\" method=\"post\" enctype=\"multipart\/form-data\" action=\"\/home\/wp-json\/wp\/v2\/pages\/122\" data-token=\"4205fcf11703135d1328715d8bfeaa64\" data-token-time=\"1776874655\"><noscript class=\"wpforms-error-noscript\">Please enable JavaScript in your browser to complete this form.<\/noscript><div id=\"wpforms-error-noscript\" style=\"display: none;\">Please enable JavaScript in your browser to complete this form.<\/div><div class=\"wpforms-field-container\"><div id=\"wpforms-569-field_7-container\" class=\"wpforms-field wpforms-field-text\" data-field-id=\"7\"><label class=\"wpforms-field-label\" for=\"wpforms-569-field_7\">R.A. (Registro Acad\u00eamico) <span class=\"wpforms-required-label\" aria-hidden=\"true\">*<\/span><\/label><input type=\"text\" id=\"wpforms-569-field_7\" class=\"wpforms-field-medium wpforms-field-required\" name=\"wpforms[fields][7]\" aria-errormessage=\"wpforms-569-field_7-error\" required><\/div><div id=\"wpforms-569-field_1-container\" class=\"wpforms-field wpforms-field-text\" data-field-id=\"1\"><label class=\"wpforms-field-label\" for=\"wpforms-569-field_1\">Nome Completo <span class=\"wpforms-required-label\" aria-hidden=\"true\">*<\/span><\/label><input type=\"text\" id=\"wpforms-569-field_1\" class=\"wpforms-field-medium wpforms-field-required\" name=\"wpforms[fields][1]\" aria-errormessage=\"wpforms-569-field_1-error\" required><\/div><div id=\"wpforms-569-field_9-container\" class=\"wpforms-field wpforms-field-text\" data-field-id=\"9\"><label class=\"wpforms-field-label\" for=\"wpforms-569-field_9\">CPF <span class=\"wpforms-required-label\" aria-hidden=\"true\">*<\/span><\/label><input type=\"text\" id=\"wpforms-569-field_9\" class=\"wpforms-field-small wpforms-field-required wpforms-masked-input\" data-rule-inputmask-incomplete=\"1\" data-inputmask-mask=\"999.999.999-99\" name=\"wpforms[fields][9]\" aria-errormessage=\"wpforms-569-field_9-error\" required><\/div><div id=\"wpforms-569-field_6-container\" class=\"wpforms-field wpforms-field-text\" data-field-id=\"6\"><label class=\"wpforms-field-label\" for=\"wpforms-569-field_6\">RG <span class=\"wpforms-required-label\" aria-hidden=\"true\">*<\/span><\/label><input type=\"text\" id=\"wpforms-569-field_6\" class=\"wpforms-field-small wpforms-field-required wpforms-masked-input\" data-rule-inputmask-incomplete=\"1\" data-inputmask-mask=\"99.999.999-*\" name=\"wpforms[fields][6]\" aria-errormessage=\"wpforms-569-field_6-error\" required><\/div><div id=\"wpforms-569-field_14-container\" class=\"wpforms-field wpforms-field-email\" data-field-id=\"14\"><label class=\"wpforms-field-label\" for=\"wpforms-569-field_14\">E-mail <span class=\"wpforms-required-label\" aria-hidden=\"true\">*<\/span><\/label><input type=\"email\" id=\"wpforms-569-field_14\" class=\"wpforms-field-medium wpforms-field-required\" name=\"wpforms[fields][14]\" spellcheck=\"false\" aria-errormessage=\"wpforms-569-field_14-error\" required><\/div><div id=\"wpforms-569-field_5-container\" class=\"wpforms-field wpforms-field-text\" data-field-id=\"5\"><label class=\"wpforms-field-label\" for=\"wpforms-569-field_5\">Data de Nascimento <span class=\"wpforms-required-label\" aria-hidden=\"true\">*<\/span><\/label><input type=\"text\" id=\"wpforms-569-field_5\" class=\"wpforms-field-small wpforms-field-required wpforms-masked-input\" data-rule-inputmask-incomplete=\"1\" data-inputmask-mask=\"99\/99\/9999\" name=\"wpforms[fields][5]\" aria-errormessage=\"wpforms-569-field_5-error\" required><\/div><div id=\"wpforms-569-field_10-container\" class=\"wpforms-field wpforms-field-checkbox\" data-field-id=\"10\"><fieldset><legend class=\"wpforms-field-label\">Sexo <span class=\"wpforms-required-label\" aria-hidden=\"true\">*<\/span><\/legend><ul id=\"wpforms-569-field_10\" class=\"wpforms-field-required\"><li class=\"choice-1 depth-1\"><input type=\"checkbox\" id=\"wpforms-569-field_10_1\" name=\"wpforms[fields][10][]\" value=\"Masculino\" aria-errormessage=\"wpforms-569-field_10_1-error\" required ><label class=\"wpforms-field-label-inline\" for=\"wpforms-569-field_10_1\">Masculino<\/label><\/li><li class=\"choice-2 depth-1\"><input type=\"checkbox\" id=\"wpforms-569-field_10_2\" name=\"wpforms[fields][10][]\" value=\"Feminino\" aria-errormessage=\"wpforms-569-field_10_2-error\" required ><label class=\"wpforms-field-label-inline\" for=\"wpforms-569-field_10_2\">Feminino<\/label><\/li><\/ul><\/fieldset><\/div><div id=\"wpforms-569-field_16-container\" class=\"wpforms-field wpforms-field-text\" data-field-id=\"16\"><label class=\"wpforms-field-label\" for=\"wpforms-569-field_16\">Endere\u00e7o <span class=\"wpforms-required-label\" aria-hidden=\"true\">*<\/span><\/label><input type=\"text\" id=\"wpforms-569-field_16\" class=\"wpforms-field-medium wpforms-field-required\" name=\"wpforms[fields][16]\" aria-errormessage=\"wpforms-569-field_16-error\" required><\/div><div id=\"wpforms-569-field_20-container\" class=\"wpforms-field wpforms-field-text\" data-field-id=\"20\"><label class=\"wpforms-field-label\" for=\"wpforms-569-field_20\">N\u00famero <span class=\"wpforms-required-label\" aria-hidden=\"true\">*<\/span><\/label><input type=\"text\" id=\"wpforms-569-field_20\" class=\"wpforms-field-medium wpforms-field-required\" name=\"wpforms[fields][20]\" aria-errormessage=\"wpforms-569-field_20-error\" aria-describedby=\"wpforms-569-field_20-description\" required><div id=\"wpforms-569-field_20-description\" class=\"wpforms-field-description\">Escreva S\/N se n\u00e3o tiver n\u00famero. <\/div><\/div><div id=\"wpforms-569-field_21-container\" class=\"wpforms-field wpforms-field-text\" data-field-id=\"21\"><label class=\"wpforms-field-label\" for=\"wpforms-569-field_21\">Bloco (Opcional)<\/label><input type=\"text\" id=\"wpforms-569-field_21\" class=\"wpforms-field-medium\" name=\"wpforms[fields][21]\" aria-errormessage=\"wpforms-569-field_21-error\" ><\/div><div id=\"wpforms-569-field_22-container\" class=\"wpforms-field wpforms-field-text\" data-field-id=\"22\"><label class=\"wpforms-field-label\" for=\"wpforms-569-field_22\">Apartamento (Opcional)<\/label><input type=\"text\" id=\"wpforms-569-field_22\" class=\"wpforms-field-medium\" name=\"wpforms[fields][22]\" aria-errormessage=\"wpforms-569-field_22-error\" ><\/div><div id=\"wpforms-569-field_23-container\" class=\"wpforms-field wpforms-field-text\" data-field-id=\"23\"><label class=\"wpforms-field-label\" for=\"wpforms-569-field_23\">Complemento (Opcional)<\/label><input type=\"text\" id=\"wpforms-569-field_23\" class=\"wpforms-field-medium\" name=\"wpforms[fields][23]\" aria-errormessage=\"wpforms-569-field_23-error\" ><\/div><div id=\"wpforms-569-field_8-container\" class=\"wpforms-field wpforms-field-text\" data-field-id=\"8\"><label class=\"wpforms-field-label\" for=\"wpforms-569-field_8\">Bairro <span class=\"wpforms-required-label\" aria-hidden=\"true\">*<\/span><\/label><input type=\"text\" id=\"wpforms-569-field_8\" class=\"wpforms-field-medium wpforms-field-required\" name=\"wpforms[fields][8]\" aria-errormessage=\"wpforms-569-field_8-error\" required><\/div><div id=\"wpforms-569-field_11-container\" class=\"wpforms-field wpforms-field-text\" data-field-id=\"11\"><label class=\"wpforms-field-label\" for=\"wpforms-569-field_11\">Munic\u00edpio <span class=\"wpforms-required-label\" aria-hidden=\"true\">*<\/span><\/label><input type=\"text\" id=\"wpforms-569-field_11\" class=\"wpforms-field-medium wpforms-field-required\" name=\"wpforms[fields][11]\" aria-errormessage=\"wpforms-569-field_11-error\" required><\/div><div id=\"wpforms-569-field_17-container\" class=\"wpforms-field wpforms-field-text\" data-field-id=\"17\"><label class=\"wpforms-field-label\" for=\"wpforms-569-field_17\">CEP <span class=\"wpforms-required-label\" aria-hidden=\"true\">*<\/span><\/label><input type=\"text\" id=\"wpforms-569-field_17\" class=\"wpforms-field-small wpforms-field-required wpforms-masked-input\" data-rule-inputmask-incomplete=\"1\" data-inputmask-mask=\"99999-999\" name=\"wpforms[fields][17]\" aria-errormessage=\"wpforms-569-field_17-error\" required><\/div><div id=\"wpforms-569-field_15-container\" class=\"wpforms-field wpforms-field-text\" data-field-id=\"15\"><label class=\"wpforms-field-label\" for=\"wpforms-569-field_15\">Nome da M\u00e3e <span class=\"wpforms-required-label\" aria-hidden=\"true\">*<\/span><\/label><input type=\"text\" id=\"wpforms-569-field_15\" class=\"wpforms-field-medium wpforms-field-required\" name=\"wpforms[fields][15]\" aria-errormessage=\"wpforms-569-field_15-error\" required><\/div><div id=\"wpforms-569-field_24-container\" class=\"wpforms-field wpforms-field-text\" data-field-id=\"24\"><label class=\"wpforms-field-label\" for=\"wpforms-569-field_24\">Nome do Pai <span class=\"wpforms-required-label\" aria-hidden=\"true\">*<\/span><\/label><input type=\"text\" id=\"wpforms-569-field_24\" class=\"wpforms-field-medium wpforms-field-required\" name=\"wpforms[fields][24]\" aria-errormessage=\"wpforms-569-field_24-error\" required><\/div><div id=\"wpforms-569-field_25-container\" class=\"wpforms-field wpforms-field-text\" data-field-id=\"25\"><label class=\"wpforms-field-label\" for=\"wpforms-569-field_25\">Respons\u00e1vel (caso o aluno seja menor de idade)<\/label><input type=\"text\" id=\"wpforms-569-field_25\" class=\"wpforms-field-medium\" name=\"wpforms[fields][25]\" aria-errormessage=\"wpforms-569-field_25-error\" ><\/div><div id=\"wpforms-569-field_26-container\" class=\"wpforms-field wpforms-field-text\" data-field-id=\"26\"><label class=\"wpforms-field-label\" for=\"wpforms-569-field_26\">Quantidade de Moradores na Casa <span class=\"wpforms-required-label\" aria-hidden=\"true\">*<\/span><\/label><input type=\"text\" id=\"wpforms-569-field_26\" class=\"wpforms-field-medium wpforms-field-required wpforms-masked-input\" data-rule-inputmask-incomplete=\"1\" data-inputmask-mask=\"99\" name=\"wpforms[fields][26]\" aria-errormessage=\"wpforms-569-field_26-error\" required><\/div><div id=\"wpforms-569-field_27-container\" class=\"wpforms-field wpforms-field-text\" data-field-id=\"27\"><label class=\"wpforms-field-label\" for=\"wpforms-569-field_27\">Renda Familiar <span class=\"wpforms-required-label\" aria-hidden=\"true\">*<\/span><\/label><input type=\"text\" id=\"wpforms-569-field_27\" class=\"wpforms-field-medium wpforms-field-required wpforms-masked-input\" data-rule-inputmask-incomplete=\"1\" data-inputmask-mask=\"999.999,99\" name=\"wpforms[fields][27]\" aria-errormessage=\"wpforms-569-field_27-error\" required><\/div><div id=\"wpforms-569-field_29-container\" class=\"wpforms-field wpforms-field-radio\" data-field-id=\"29\"><fieldset><legend class=\"wpforms-field-label\">Utiliza Integra\u00e7\u00e3o? <span class=\"wpforms-required-label\" aria-hidden=\"true\">*<\/span><\/legend><ul id=\"wpforms-569-field_29\" class=\"wpforms-field-required\"><li class=\"choice-1 depth-1\"><input type=\"radio\" id=\"wpforms-569-field_29_1\" name=\"wpforms[fields][29]\" value=\"Sim\" aria-errormessage=\"wpforms-569-field_29_1-error\" required ><label class=\"wpforms-field-label-inline\" for=\"wpforms-569-field_29_1\">Sim<\/label><\/li><li class=\"choice-2 depth-1\"><input type=\"radio\" id=\"wpforms-569-field_29_2\" name=\"wpforms[fields][29]\" value=\"N\u00e3o\" aria-errormessage=\"wpforms-569-field_29_2-error\" required ><label class=\"wpforms-field-label-inline\" for=\"wpforms-569-field_29_2\">N\u00e3o<\/label><\/li><\/ul><\/fieldset><\/div>\t\t<div id=\"wpforms-569-field_2-container\"\n\t\t\tclass=\"wpforms-field wpforms-field-text\"\n\t\t\tdata-field-type=\"text\"\n\t\t\tdata-field-id=\"2\"\n\t\t\t>\n\t\t\t<label class=\"wpforms-field-label\" for=\"wpforms-569-field_2\" >na N\u00famero M\u00e3e<\/label>\n\t\t\t<input type=\"text\" id=\"wpforms-569-field_2\" class=\"wpforms-field-medium\" name=\"wpforms[fields][2]\" >\n\t\t<\/div>\n\t\t<div id=\"wpforms-569-field_30-container\" class=\"wpforms-field wpforms-field-radio\" data-field-id=\"30\"><fieldset><legend class=\"wpforms-field-label\">Tipo de Cadastro <span class=\"wpforms-required-label\" aria-hidden=\"true\">*<\/span><\/legend><ul id=\"wpforms-569-field_30\" class=\"wpforms-field-required\"><li class=\"choice-1 depth-1\"><input type=\"radio\" id=\"wpforms-569-field_30_1\" name=\"wpforms[fields][30]\" value=\"Novo\" aria-errormessage=\"wpforms-569-field_30_1-error\" required ><label class=\"wpforms-field-label-inline\" for=\"wpforms-569-field_30_1\">Novo<\/label><\/li><li class=\"choice-2 depth-1\"><input type=\"radio\" id=\"wpforms-569-field_30_2\" name=\"wpforms[fields][30]\" value=\"Renova\u00e7\u00e3o\" aria-errormessage=\"wpforms-569-field_30_2-error\" required ><label class=\"wpforms-field-label-inline\" for=\"wpforms-569-field_30_2\">Renova\u00e7\u00e3o<\/label><\/li><\/ul><\/fieldset><\/div><div id=\"wpforms-569-field_31-container\" class=\"wpforms-field wpforms-field-text\" data-field-id=\"31\"><label class=\"wpforms-field-label\" for=\"wpforms-569-field_31\">Dist\u00e2ncia entre a Casa e a Escola em KM  <span class=\"wpforms-required-label\" aria-hidden=\"true\">*<\/span><\/label><input type=\"text\" id=\"wpforms-569-field_31\" class=\"wpforms-field-medium wpforms-field-required\" name=\"wpforms[fields][31]\" aria-errormessage=\"wpforms-569-field_31-error\" aria-describedby=\"wpforms-569-field_31-description\" required><div id=\"wpforms-569-field_31-description\" class=\"wpforms-field-description\">Obs: \u00c9 preciso uma dist\u00e2ncia superior a 2KM para a solicita\u00e7\u00e3o do Passe Livre Barueri.<\/div><\/div><script>\n\t\t\t\t( function() {\n\t\t\t\t\tconst style = document.createElement( 'style' );\n\t\t\t\t\tstyle.appendChild( document.createTextNode( '#wpforms-569-field_2-container { position: absolute !important; overflow: hidden !important; display: inline !important; height: 1px !important; width: 1px !important; z-index: -1000 !important; padding: 0 !important; } #wpforms-569-field_2-container input { visibility: hidden; } #wpforms-conversational-form-page #wpforms-569-field_2-container label { counter-increment: none; }' ) );\n\t\t\t\t\tdocument.head.appendChild( style );\n\t\t\t\t\tdocument.currentScript?.remove();\n\t\t\t\t} )();\n\t\t\t<\/script><\/div><!-- .wpforms-field-container --><div class=\"wpforms-submit-container\" ><input type=\"hidden\" name=\"wpforms[id]\" value=\"569\"><input type=\"hidden\" name=\"page_title\" value=\"\"><input type=\"hidden\" name=\"page_url\" value=\"https:\/\/fatecbarueri.edu.br\/home\/wp-json\/wp\/v2\/pages\/122\"><input type=\"hidden\" name=\"url_referer\" value=\"\"><button type=\"submit\" name=\"wpforms[submit]\" id=\"wpforms-submit-569\" class=\"wpforms-submit\" data-alt-text=\"Enviando...\" data-submit-text=\"Enviar\" aria-live=\"assertive\" value=\"wpforms-submit\">Enviar<\/button><img loading=\"lazy\" decoding=\"async\" src=\"https:\/\/fatecbarueri.edu.br\/home\/wp-content\/plugins\/wpforms-lite\/assets\/images\/submit-spin.svg\" class=\"wpforms-submit-spinner\" style=\"display: none;\" width=\"26\" height=\"26\" alt=\"Loading\"><\/div><\/form><\/div>  <!-- .wpforms-container --><p><\/p>","protected":false},"excerpt":{"rendered":"<p>Confira as regras do Passe Estudantil no site da&nbsp;Prefeitura Municipal de Barueri. Formul\u00e1rio de requisi\u00e7\u00e3o de Passe Escolar<\/p>\n","protected":false},"author":2,"featured_media":0,"parent":0,"menu_order":0,"comment_status":"closed","ping_status":"closed","template":"template-no-sidebar.php","meta":{"footnotes":""},"class_list":["post-122","page","type-page","status-publish","hentry"],"_links":{"self":[{"href":"https:\/\/fatecbarueri.edu.br\/home\/wp-json\/wp\/v2\/pages\/122"}],"collection":[{"href":"https:\/\/fatecbarueri.edu.br\/home\/wp-json\/wp\/v2\/pages"}],"about":[{"href":"https:\/\/fatecbarueri.edu.br\/home\/wp-json\/wp\/v2\/types\/page"}],"author":[{"embeddable":true,"href":"https:\/\/fatecbarueri.edu.br\/home\/wp-json\/wp\/v2\/users\/2"}],"replies":[{"embeddable":true,"href":"https:\/\/fatecbarueri.edu.br\/home\/wp-json\/wp\/v2\/comments?post=122"}],"version-history":[{"count":3,"href":"https:\/\/fatecbarueri.edu.br\/home\/wp-json\/wp\/v2\/pages\/122\/revisions"}],"predecessor-version":[{"id":1330,"href":"https:\/\/fatecbarueri.edu.br\/home\/wp-json\/wp\/v2\/pages\/122\/revisions\/1330"}],"wp:attachment":[{"href":"https:\/\/fatecbarueri.edu.br\/home\/wp-json\/wp\/v2\/media?parent=122"}],"curies":[{"name":"wp","href":"https:\/\/api.w.org\/{rel}","templated":true}]}}