{"id":106,"date":"2025-05-23T18:26:56","date_gmt":"2025-05-23T18:26:56","guid":{"rendered":"https:\/\/fatecbarueri.edu.br\/home\/?page_id=106"},"modified":"2025-05-31T23:49:03","modified_gmt":"2025-05-31T23:49:03","slug":"nucleo-de-atendimento-psicopedagogico","status":"publish","type":"page","link":"https:\/\/fatecbarueri.edu.br\/home\/nucleo-de-atendimento-psicopedagogico\/","title":{"rendered":"N\u00facleo de Atendimento Psicopedag\u00f3gico"},"content":{"rendered":"\n<p>NAP (N\u00facleo de Atendimento Psicopedag\u00f3gico) tem como objetivo aprimorar o processo de aprendizagem, atendendo aos alunos em suas necessidades, quer sejam individuais, coletivas, emocionais, cognitivas, sociais, cient\u00edficas, vocacionais ou profissionais. <\/p>\n\n\n\n<p>Para atendimento, compare\u00e7a a Secretaria Acad\u00eamica ou poder\u00e1 enviar e-mail para <a href=\"mailto:f209.nap@fatec.sp.gov.br\" target=\"_blank\" rel=\"noopener\" title=\"\">f209.nap@fatec.sp.gov.br<\/a>.<\/p>\n<p><\/p>","protected":false},"excerpt":{"rendered":"<p>NAP (N\u00facleo de Atendimento Psicopedag\u00f3gico) tem como objetivo aprimorar o processo de aprendizagem, atendendo aos alunos em suas necessidades, quer sejam individuais, coletivas, emocionais, cognitivas, sociais, cient\u00edficas, vocacionais ou profissionais. Para atendimento, compare\u00e7a a Secretaria Acad\u00eamica ou poder\u00e1 enviar e-mail para f209.nap@fatec.sp.gov.br.<\/p>\n","protected":false},"author":2,"featured_media":0,"parent":0,"menu_order":0,"comment_status":"closed","ping_status":"closed","template":"template-no-sidebar.php","meta":{"footnotes":""},"class_list":["post-106","page","type-page","status-publish","hentry"],"_links":{"self":[{"href":"https:\/\/fatecbarueri.edu.br\/home\/wp-json\/wp\/v2\/pages\/106"}],"collection":[{"href":"https:\/\/fatecbarueri.edu.br\/home\/wp-json\/wp\/v2\/pages"}],"about":[{"href":"https:\/\/fatecbarueri.edu.br\/home\/wp-json\/wp\/v2\/types\/page"}],"author":[{"embeddable":true,"href":"https:\/\/fatecbarueri.edu.br\/home\/wp-json\/wp\/v2\/users\/2"}],"replies":[{"embeddable":true,"href":"https:\/\/fatecbarueri.edu.br\/home\/wp-json\/wp\/v2\/comments?post=106"}],"version-history":[{"count":2,"href":"https:\/\/fatecbarueri.edu.br\/home\/wp-json\/wp\/v2\/pages\/106\/revisions"}],"predecessor-version":[{"id":522,"href":"https:\/\/fatecbarueri.edu.br\/home\/wp-json\/wp\/v2\/pages\/106\/revisions\/522"}],"wp:attachment":[{"href":"https:\/\/fatecbarueri.edu.br\/home\/wp-json\/wp\/v2\/media?parent=106"}],"curies":[{"name":"wp","href":"https:\/\/api.w.org\/{rel}","templated":true}]}}